{"id":211,"date":"2015-03-30T20:11:12","date_gmt":"2015-03-30T19:11:12","guid":{"rendered":"http:\/\/zuazogaston.com\/singular\/?post_type=product&#038;p=211"},"modified":"2025-08-19T14:05:45","modified_gmt":"2025-08-19T13:05:45","slug":"zuazo-gaston-crianza","status":"publish","type":"product","link":"https:\/\/www.zuazogaston.com\/web\/producto\/zuazo-gaston\/zuazo-gaston-crianza\/","title":{"rendered":"Crianza Rioja (Caja 6 b.)"},"content":{"rendered":"","protected":false},"excerpt":{"rendered":"<p>VARIEDADES: Tempranillo 100%.<br \/>\nELABORACI\u00d3N: Con temperatura controlada y una maceraci\u00f3n prolongada, se consigue una adecuada extracci\u00f3n de compuestos y reacciones polifen\u00f3licas.<br \/>\nCRIANZA: 12 meses en barrica de roble franc\u00e9s (50%) y americano (50%) de 225 lts. y 6 como m\u00ednimo en botella.<br \/>\nCATA: Color brillante, granate intenso con ligero matiz teja en el borde, aromas varietales y de crianza (roble y vainilla). Complejo y elegante en boca. Equilibrado y sin aristas, vino complejo con un intenso retrogusto y larga persistencia de fruta confitada.<br \/>\nMARIDAJE: Recomendado para carnes rojas, caza, guisos condimentados y quesos.<br \/>\nTEMPERATURA DE CONSUMO: 15\u00ba-17\u00ba C.<\/p>\n<p><a href=\"http:\/\/www.zuazogaston.com\/web\/PDF\/crianza.pdf\" target=\"_blank\" rel=\"noopener noreferrer\"><span style=\"text-decoration: underline;\">Descargar ficha en PDF<\/span><\/a>\u00a0<span style=\"color: #808080;\">\u00a0\/<\/span>\u00a0\u00a0<a href=\"http:\/\/www.zuazogaston.com\/web\/PDF\/crianza.jpg\" target=\"_blank\" rel=\"noopener noreferrer\"><span style=\"text-decoration: underline;\">Descargar imagen<\/span><\/a><\/p>\n<h2><strong>Caja de 6 Bot.<\/strong><\/h2>\n","protected":false},"featured_media":3455,"comment_status":"open","ping_status":"closed","template":"","meta":[],"product_brand":[],"product_cat":[234],"product_tag":[167,73,165,105],"class_list":{"0":"post-211","1":"product","2":"type-product","3":"status-publish","4":"has-post-thumbnail","6":"product_cat-zuazo-gaston","7":"product_tag-barrica","8":"product_tag-crianza","9":"product_tag-rioja","10":"product_tag-tempranillo","11":"pa_botellas-por-caja-botella","12":"pa_botellas-por-caja-caja-6-botellas","14":"first","15":"instock","16":"sold-individually","17":"shipping-taxable","18":"purchasable","19":"product-type-variable","20":"has-default-attributes"},"yoast_head":"<!-- This site is optimized with the Yoast SEO plugin v26.4 - https:\/\/yoast.com\/wordpress\/plugins\/seo\/ -->\n<title>ZUAZO GAST\u00d3N - Crianza<\/title>\n<meta name=\"description\" content=\"ZUAZO GAST\u00d3N - Crianza\" \/>\n<meta name=\"robots\" content=\"index, follow, max-snippet:-1, max-image-preview:large, max-video-preview:-1\" \/>\n<link rel=\"canonical\" href=\"https:\/\/www.zuazogaston.com\/web\/producto\/zuazo-gaston\/zuazo-gaston-crianza\/\" \/>\n<meta property=\"og:locale\" content=\"es_ES\" \/>\n<meta property=\"og:type\" content=\"article\" \/>\n<meta property=\"og:title\" content=\"ZUAZO GAST\u00d3N - Crianza\" \/>\n<meta property=\"og:description\" content=\"ZUAZO GAST\u00d3N - Crianza\" \/>\n<meta property=\"og:url\" content=\"https:\/\/www.zuazogaston.com\/web\/producto\/zuazo-gaston\/zuazo-gaston-crianza\/\" \/>\n<meta property=\"og:site_name\" content=\"Zuazo Gast\u00f3n\" \/>\n<meta property=\"article:publisher\" content=\"http:\/\/www.facebook.com\/BodegasZuazoGaston\" \/>\n<meta property=\"article:modified_time\" content=\"2025-08-19T13:05:45+00:00\" \/>\n<meta property=\"og:image\" content=\"https:\/\/www.zuazogaston.com\/web\/wp-content\/uploads\/2015\/03\/vin021.jpg\" \/>\n\t<meta property=\"og:image:width\" content=\"510\" \/>\n\t<meta property=\"og:image:height\" content=\"651\" \/>\n\t<meta property=\"og:image:type\" content=\"image\/jpeg\" \/>\n<meta name=\"twitter:card\" content=\"summary_large_image\" \/>\n<meta name=\"twitter:site\" content=\"@ZuazoGaston\" \/>\n<script type=\"application\/ld+json\" class=\"yoast-schema-graph\">{\"@context\":\"https:\/\/schema.org\",\"@graph\":[{\"@type\":\"WebPage\",\"@id\":\"https:\/\/www.zuazogaston.com\/web\/producto\/zuazo-gaston\/zuazo-gaston-crianza\/\",\"url\":\"https:\/\/www.zuazogaston.com\/web\/producto\/zuazo-gaston\/zuazo-gaston-crianza\/\",\"name\":\"ZUAZO GAST\u00d3N - Crianza\",\"isPartOf\":{\"@id\":\"https:\/\/www.zuazogaston.com\/web\/#website\"},\"primaryImageOfPage\":{\"@id\":\"https:\/\/www.zuazogaston.com\/web\/producto\/zuazo-gaston\/zuazo-gaston-crianza\/#primaryimage\"},\"image\":{\"@id\":\"https:\/\/www.zuazogaston.com\/web\/producto\/zuazo-gaston\/zuazo-gaston-crianza\/#primaryimage\"},\"thumbnailUrl\":\"https:\/\/www.zuazogaston.com\/web\/wp-content\/uploads\/2015\/03\/vin021.jpg\",\"datePublished\":\"2015-03-30T19:11:12+00:00\",\"dateModified\":\"2025-08-19T13:05:45+00:00\",\"description\":\"ZUAZO GAST\u00d3N - Crianza\",\"breadcrumb\":{\"@id\":\"https:\/\/www.zuazogaston.com\/web\/producto\/zuazo-gaston\/zuazo-gaston-crianza\/#breadcrumb\"},\"inLanguage\":\"es\",\"potentialAction\":[{\"@type\":\"ReadAction\",\"target\":[\"https:\/\/www.zuazogaston.com\/web\/producto\/zuazo-gaston\/zuazo-gaston-crianza\/\"]}]},{\"@type\":\"ImageObject\",\"inLanguage\":\"es\",\"@id\":\"https:\/\/www.zuazogaston.com\/web\/producto\/zuazo-gaston\/zuazo-gaston-crianza\/#primaryimage\",\"url\":\"https:\/\/www.zuazogaston.com\/web\/wp-content\/uploads\/2015\/03\/vin021.jpg\",\"contentUrl\":\"https:\/\/www.zuazogaston.com\/web\/wp-content\/uploads\/2015\/03\/vin021.jpg\",\"width\":510,\"height\":651,\"caption\":\"Botella Zuazo Gaston Crianza\"},{\"@type\":\"BreadcrumbList\",\"@id\":\"https:\/\/www.zuazogaston.com\/web\/producto\/zuazo-gaston\/zuazo-gaston-crianza\/#breadcrumb\",\"itemListElement\":[{\"@type\":\"ListItem\",\"position\":1,\"name\":\"Inicio\",\"item\":\"https:\/\/www.zuazogaston.com\/web\/\"},{\"@type\":\"ListItem\",\"position\":2,\"name\":\"Tienda\",\"item\":\"https:\/\/www.zuazogaston.com\/web\/producto-2\/\"},{\"@type\":\"ListItem\",\"position\":3,\"name\":\"Zuazo Gast\u00f3n\",\"item\":\"https:\/\/www.zuazogaston.com\/web\/categoria-producto\/zuazo-gaston\/\"},{\"@type\":\"ListItem\",\"position\":4,\"name\":\"Crianza Rioja (Caja 6 b.)\"}]},{\"@type\":\"WebSite\",\"@id\":\"https:\/\/www.zuazogaston.com\/web\/#website\",\"url\":\"https:\/\/www.zuazogaston.com\/web\/\",\"name\":\"Zuazo Gast\u00f3n\",\"description\":\"Bodegas y Vi\u00f1edos\",\"potentialAction\":[{\"@type\":\"SearchAction\",\"target\":{\"@type\":\"EntryPoint\",\"urlTemplate\":\"https:\/\/www.zuazogaston.com\/web\/?s={search_term_string}\"},\"query-input\":{\"@type\":\"PropertyValueSpecification\",\"valueRequired\":true,\"valueName\":\"search_term_string\"}}],\"inLanguage\":\"es\"}]}<\/script>\n<!-- \/ Yoast SEO plugin. -->","yoast_head_json":{"title":"ZUAZO GAST\u00d3N - Crianza","description":"ZUAZO GAST\u00d3N - Crianza","robots":{"index":"index","follow":"follow","max-snippet":"max-snippet:-1","max-image-preview":"max-image-preview:large","max-video-preview":"max-video-preview:-1"},"canonical":"https:\/\/www.zuazogaston.com\/web\/producto\/zuazo-gaston\/zuazo-gaston-crianza\/","og_locale":"es_ES","og_type":"article","og_title":"ZUAZO GAST\u00d3N - Crianza","og_description":"ZUAZO GAST\u00d3N - Crianza","og_url":"https:\/\/www.zuazogaston.com\/web\/producto\/zuazo-gaston\/zuazo-gaston-crianza\/","og_site_name":"Zuazo Gast\u00f3n","article_publisher":"http:\/\/www.facebook.com\/BodegasZuazoGaston","article_modified_time":"2025-08-19T13:05:45+00:00","og_image":[{"width":510,"height":651,"url":"https:\/\/www.zuazogaston.com\/web\/wp-content\/uploads\/2015\/03\/vin021.jpg","type":"image\/jpeg"}],"twitter_card":"summary_large_image","twitter_site":"@ZuazoGaston","schema":{"@context":"https:\/\/schema.org","@graph":[{"@type":"WebPage","@id":"https:\/\/www.zuazogaston.com\/web\/producto\/zuazo-gaston\/zuazo-gaston-crianza\/","url":"https:\/\/www.zuazogaston.com\/web\/producto\/zuazo-gaston\/zuazo-gaston-crianza\/","name":"ZUAZO GAST\u00d3N - Crianza","isPartOf":{"@id":"https:\/\/www.zuazogaston.com\/web\/#website"},"primaryImageOfPage":{"@id":"https:\/\/www.zuazogaston.com\/web\/producto\/zuazo-gaston\/zuazo-gaston-crianza\/#primaryimage"},"image":{"@id":"https:\/\/www.zuazogaston.com\/web\/producto\/zuazo-gaston\/zuazo-gaston-crianza\/#primaryimage"},"thumbnailUrl":"https:\/\/www.zuazogaston.com\/web\/wp-content\/uploads\/2015\/03\/vin021.jpg","datePublished":"2015-03-30T19:11:12+00:00","dateModified":"2025-08-19T13:05:45+00:00","description":"ZUAZO GAST\u00d3N - Crianza","breadcrumb":{"@id":"https:\/\/www.zuazogaston.com\/web\/producto\/zuazo-gaston\/zuazo-gaston-crianza\/#breadcrumb"},"inLanguage":"es","potentialAction":[{"@type":"ReadAction","target":["https:\/\/www.zuazogaston.com\/web\/producto\/zuazo-gaston\/zuazo-gaston-crianza\/"]}]},{"@type":"ImageObject","inLanguage":"es","@id":"https:\/\/www.zuazogaston.com\/web\/producto\/zuazo-gaston\/zuazo-gaston-crianza\/#primaryimage","url":"https:\/\/www.zuazogaston.com\/web\/wp-content\/uploads\/2015\/03\/vin021.jpg","contentUrl":"https:\/\/www.zuazogaston.com\/web\/wp-content\/uploads\/2015\/03\/vin021.jpg","width":510,"height":651,"caption":"Botella Zuazo Gaston Crianza"},{"@type":"BreadcrumbList","@id":"https:\/\/www.zuazogaston.com\/web\/producto\/zuazo-gaston\/zuazo-gaston-crianza\/#breadcrumb","itemListElement":[{"@type":"ListItem","position":1,"name":"Inicio","item":"https:\/\/www.zuazogaston.com\/web\/"},{"@type":"ListItem","position":2,"name":"Tienda","item":"https:\/\/www.zuazogaston.com\/web\/producto-2\/"},{"@type":"ListItem","position":3,"name":"Zuazo Gast\u00f3n","item":"https:\/\/www.zuazogaston.com\/web\/categoria-producto\/zuazo-gaston\/"},{"@type":"ListItem","position":4,"name":"Crianza Rioja (Caja 6 b.)"}]},{"@type":"WebSite","@id":"https:\/\/www.zuazogaston.com\/web\/#website","url":"https:\/\/www.zuazogaston.com\/web\/","name":"Zuazo Gast\u00f3n","description":"Bodegas y Vi\u00f1edos","potentialAction":[{"@type":"SearchAction","target":{"@type":"EntryPoint","urlTemplate":"https:\/\/www.zuazogaston.com\/web\/?s={search_term_string}"},"query-input":{"@type":"PropertyValueSpecification","valueRequired":true,"valueName":"search_term_string"}}],"inLanguage":"es"}]}},"_links":{"self":[{"href":"https:\/\/www.zuazogaston.com\/web\/wp-json\/wp\/v2\/product\/211","targetHints":{"allow":["GET"]}}],"collection":[{"href":"https:\/\/www.zuazogaston.com\/web\/wp-json\/wp\/v2\/product"}],"about":[{"href":"https:\/\/www.zuazogaston.com\/web\/wp-json\/wp\/v2\/types\/product"}],"replies":[{"embeddable":true,"href":"https:\/\/www.zuazogaston.com\/web\/wp-json\/wp\/v2\/comments?post=211"}],"wp:featuredmedia":[{"embeddable":true,"href":"https:\/\/www.zuazogaston.com\/web\/wp-json\/wp\/v2\/media\/3455"}],"wp:attachment":[{"href":"https:\/\/www.zuazogaston.com\/web\/wp-json\/wp\/v2\/media?parent=211"}],"wp:term":[{"taxonomy":"product_brand","embeddable":true,"href":"https:\/\/www.zuazogaston.com\/web\/wp-json\/wp\/v2\/product_brand?post=211"},{"taxonomy":"product_cat","embeddable":true,"href":"https:\/\/www.zuazogaston.com\/web\/wp-json\/wp\/v2\/product_cat?post=211"},{"taxonomy":"product_tag","embeddable":true,"href":"https:\/\/www.zuazogaston.com\/web\/wp-json\/wp\/v2\/product_tag?post=211"}],"curies":[{"name":"wp","href":"https:\/\/api.w.org\/{rel}","templated":true}]}}