{"id":3801,"date":"2014-12-03T18:03:14","date_gmt":"2014-12-03T16:03:14","guid":{"rendered":"https:\/\/www.zuazogaston.com\/web\/gama-de-vinos-2-2"},"modified":"2018-04-17T18:41:11","modified_gmt":"2018-04-17T17:41:11","slug":"gama-de-vinos-2","status":"publish","type":"page","link":"https:\/\/www.zuazogaston.com\/web\/gama-de-vinos-2\/","title":{"rendered":"<!\u2013Range of wines\u2013>"},"content":{"rendered":"<div class=\"wpb-content-wrapper\"><p>[vc_row][vc_column]    \r\n    <div class=\"title_subtitle\" style=\"text-align:center\">\r\n        <h3 style=\"color:#5b5b5b !important; font-size:36px\">Range of Wines<\/h3>\r\n                    <\/div>\r\n\r\n\t[vc_raw_html]JTNDaDMlM0UlMjZuYnNwJTNCJTNDJTJGaDMlM0U=[\/vc_raw_html][vc_row_inner][vc_column_inner width=\u00bb1\/4&#8243;][vc_single_image image=\u00bb3354&#8243; alignment=\u00bbcenter\u00bb onclick=\u00bbcustom_link\u00bb css_animation=\u00bbbottom-to-top\u00bb link=\u00bbhttp:\/\/www.zuazogaston.com\/web\/web\/zuazo_gaston_crianza\u00bb][vc_column_text css_animation=\u00bbright-to-left\u00bb]<\/p>\n<h4 style=\"text-align: center;\"><span style=\"color: #b36b00;\"><a style=\"color: #b36b00;\" href=\"http:\/\/www.zuazogaston.com\/web\/web\/zuazo_gaston_crianza\">Zuazo Gast\u00f3n Crianza<\/a><\/span><\/h4>\n<hr \/>\n<p style=\"text-align: center;\">12 months in oak barrel.<\/p>\n<h4 style=\"text-align: center;\"><\/h4>\n<p>[\/vc_column_text][\/vc_column_inner][vc_column_inner width=\u00bb1\/4&#8243;][vc_single_image image=\u00bb3073&#8243; alignment=\u00bbcenter\u00bb onclick=\u00bbcustom_link\u00bb css_animation=\u00bbright-to-left\u00bb link=\u00bbhttp:\/\/www.zuazogaston.com\/web\/web\/zg_edicion_limitada\u00bb][vc_column_text css_animation=\u00bbright-to-left\u00bb]<\/p>\n<h4 style=\"text-align: center;\"><span style=\"color: #b57800;\"><a style=\"color: #b57800;\" href=\"http:\/\/www.zuazogaston.com\/web\/web\/zg_edicion_limitada\">ZG Limited Edition Rioja<\/a><\/span><\/h4>\n<hr \/>\n<p style=\"text-align: center;\">Selected Crianza limited production.<\/p>\n<p>[\/vc_column_text][\/vc_column_inner][vc_column_inner width=\u00bb1\/4&#8243;][vc_single_image image=\u00bb3072&#8243; alignment=\u00bbcenter\u00bb onclick=\u00bbcustom_link\u00bb css_animation=\u00bbright-to-left\u00bb link=\u00bbhttp:\/\/www.zuazogaston.com\/web\/web\/zg_ribera_duero\u00bb][vc_column_text css_animation=\u00bbright-to-left\u00bb]<\/p>\n<h4 style=\"text-align: center;\"><span style=\"color: #b36b00;\"><a style=\"color: #b36b00;\" href=\"http:\/\/www.zuazogaston.com\/web\/web\/zg_ribera_duero\">ZG Ribera de Duero<\/a><\/span><\/h4>\n<hr \/>\n<p style=\"text-align: center;\">Roble 5 months in oak barrel.<\/p>\n<p>[\/vc_column_text][\/vc_column_inner][vc_column_inner width=\u00bb1\/4&#8243;][vc_single_image image=\u00bb2530&#8243; alignment=\u00bbcenter\u00bb onclick=\u00bbcustom_link\u00bb css_animation=\u00bbright-to-left\u00bb link=\u00bbhttp:\/\/www.zuazogaston.com\/web\/web\/zuazogaston_reservadefamilia\u00bb][vc_column_text css_animation=\u00bbright-to-left\u00bb]<\/p>\n<h4 style=\"text-align: center;\"><span style=\"color: #b36b00;\"><a style=\"color: #b36b00;\" href=\"http:\/\/www.zuazogaston.com\/web\/web\/zuazogaston_reservadefamilia\">Reserva de Familia<\/a><\/span><\/h4>\n<hr \/>\n<p style=\"text-align: center;\">Our last creation, the most chosen and taken.<\/p>\n<p>[\/vc_column_text][\/vc_column_inner][\/vc_row_inner][\/vc_column][\/vc_row][vc_row][vc_column width=\u00bb1\/4&#8243;][vc_single_image image=\u00bb3356&#8243; alignment=\u00bbcenter\u00bb onclick=\u00bbcustom_link\u00bb css_animation=\u00bbright-to-left\u00bb link=\u00bbhttp:\/\/www.zuazogaston.com\/web\/web\/2602-2&#8243;][vc_column_text css_animation=\u00bbright-to-left\u00bb]<\/p>\n<h4 style=\"text-align: center;\"><span style=\"color: #b57800;\"><a style=\"color: #b57800;\" href=\"http:\/\/www.zuazogaston.com\/web\/web\/2602-2\">Zuazo Gast\u00f3n Reserva<\/a><\/span><\/h4>\n<hr \/>\n<p style=\"text-align: center;\">Old vineyards. 20 months in oak barrels.<\/p>\n<p>[\/vc_column_text][\/vc_column][vc_column width=\u00bb1\/4&#8243;][vc_single_image image=\u00bb3357&#8243; alignment=\u00bbcenter\u00bb onclick=\u00bbcustom_link\u00bb css_animation=\u00bbright-to-left\u00bb link=\u00bbhttp:\/\/www.zuazogaston.com\/web\/web\/vendimia_seleccionada\u00bb][vc_column_text css_animation=\u00bbright-to-left\u00bb]<\/p>\n<h4 style=\"text-align: center;\"><span style=\"color: #b57800;\"><a style=\"color: #b57800;\" href=\"http:\/\/www.zuazogaston.com\/web\/web\/vendimia_seleccionada\">Selected Harvest<\/a><\/span><\/h4>\n<hr \/>\n<p style=\"text-align: center;\">6 months in oak barrels.<\/p>\n<p>[\/vc_column_text][\/vc_column][vc_column width=\u00bb1\/4&#8243;][vc_single_image image=\u00bb3358&#8243; alignment=\u00bbcenter\u00bb onclick=\u00bbcustom_link\u00bb css_animation=\u00bbright-to-left\u00bb link=\u00bbhttp:\/\/www.zuazogaston.com\/web\/web\/blanco_viura\u00bb][vc_column_text css_animation=\u00bbright-to-left\u00bb]<\/p>\n<h4 style=\"text-align: center;\"><span style=\"color: #b36b00;\"><a style=\"color: #b36b00;\" title=\"Zuazo Gaston Blanco Viura\" href=\"http:\/\/www.zuazogaston.com\/web\/web\/blanco_viura\">White wine Viura<\/a><\/span><\/h4>\n<hr \/>\n<p style=\"text-align: center;\">Monovarietal of Viura.<\/p>\n<p>[\/vc_column_text][\/vc_column][vc_column width=\u00bb1\/4&#8243;][vc_single_image image=\u00bb3639&#8243; alignment=\u00bbcenter\u00bb onclick=\u00bbcustom_link\u00bb css_animation=\u00bbright-to-left\u00bb link=\u00bbhttp:\/\/www.zuazogaston.com\/web\/web\/teofilo-crianza\/?lang=en\u00bb][vc_column_text]<\/p>\n<h4 style=\"text-align: center;\"><a href=\"https:\/\/www.zuazogaston.com\/web\/teofilo-crianza\/?lang=en\"><span style=\"color: #b57800;\">Te\u00f3filo Reyes Crianza<\/span><\/a><\/h4>\n<hr \/>\n<p style=\"text-align: center;\">Crianza 15 months in oak barrel.<\/p>\n<p>[\/vc_column_text][\/vc_column][\/vc_row][vc_row][vc_column width=\u00bb1\/3&#8243;][vc_single_image image=\u00bb3638&#8243; alignment=\u00bbcenter\u00bb onclick=\u00bbcustom_link\u00bb css_animation=\u00bbright-to-left\u00bb link=\u00bbhttp:\/\/www.zuazogaston.com\/web\/web\/teofilo-reserva\u00bb][vc_column_text]<\/p>\n<h4 style=\"text-align: center;\"><a href=\"https:\/\/www.zuazogaston.com\/web\/teofilo-reserva\"><span style=\"color: #b57800;\">Te\u00f3filo Reyes Reserva<\/span><\/a><\/h4>\n<hr \/>\n<p style=\"text-align: center;\">Reserva 20 months in oak barrel.<\/p>\n<p>[\/vc_column_text][\/vc_column][vc_column width=\u00bb1\/3&#8243;][vc_single_image image=\u00bb3637&#8243; alignment=\u00bbcenter\u00bb onclick=\u00bbcustom_link\u00bb css_animation=\u00bbright-to-left\u00bb link=\u00bbhttps:\/\/www.zuazogaston.com\/web\/tapas_tempranillo\u00bb][vc_column_text]<\/p>\n<h4 style=\"text-align: center;\"><span style=\"color: #b57800;\"><a style=\"color: #b57800;\" href=\"https:\/\/www.zuazogaston.com\/web\/tapas_tempranillo\">Tapas Gast\u00f3n Tempranillo<\/a><\/span><\/h4>\n<hr \/>\n<p style=\"text-align: center;\">Red Wine monovarietal of Tempranillo<\/p>\n<p>[\/vc_column_text][\/vc_column][vc_column width=\u00bb1\/3&#8243;][vc_single_image image=\u00bb3636&#8243; alignment=\u00bbcenter\u00bb onclick=\u00bbcustom_link\u00bb css_animation=\u00bbright-to-left\u00bb link=\u00bbhttp:\/\/www.zuazogaston.com\/web\/web\/tapas_verdejo\u00bb][vc_column_text]<\/p>\n<h4 style=\"text-align: center;\"><span style=\"color: #b57800;\"><a style=\"color: #b57800;\" href=\"https:\/\/www.zuazogaston.com\/web\/tapas_verdejo\">Tapas Gast\u00f3n Verdejo<\/a><\/span><\/h4>\n<hr \/>\n<p style=\"text-align: center;\">White wine monovarietal of Verdejo<\/p>\n<p>[\/vc_column_text][\/vc_column][\/vc_row][vc_row][vc_column css=\u00bb.vc_custom_1437561707070{border-top-width: 20px !important;}\u00bb][vc_empty_space height=\u00bb20&#8243;][vc_separator][recent_work_filtered][\/vc_column][\/vc_row][vc_row][vc_column][\/vc_column][\/vc_row]<\/p>\n<\/div>","protected":false},"excerpt":{"rendered":"<p>Aqu\u00ed va la descripci\u00f3n<\/p>\n","protected":false},"author":1,"featured_media":0,"parent":0,"menu_order":0,"comment_status":"closed","ping_status":"closed","template":"","meta":{"footnotes":""},"class_list":["post-3801","page","type-page","status-publish","hentry"],"yoast_head":"<!-- This site is optimized with the Yoast SEO plugin v26.4 - https:\/\/yoast.com\/wordpress\/plugins\/seo\/ -->\n<title>Gama de Vinos - Zuazo Gast\u00f3n<\/title>\n<meta name=\"description\" content=\"Disfruta del cat\u00e1logo de Zuazo Gast\u00f3n, con sus vinos y premios.\" \/>\n<meta name=\"robots\" content=\"index, follow, max-snippet:-1, max-image-preview:large, max-video-preview:-1\" \/>\n<link rel=\"canonical\" href=\"https:\/\/www.zuazogaston.com\/web\/gama-de-vinos-2\/\" \/>\n<meta property=\"og:locale\" content=\"es_ES\" \/>\n<meta property=\"og:type\" content=\"article\" \/>\n<meta property=\"og:title\" content=\"Gama de Vinos - Zuazo Gast\u00f3n\" \/>\n<meta property=\"og:description\" content=\"Disfruta del cat\u00e1logo de Zuazo Gast\u00f3n, con sus vinos y premios.\" \/>\n<meta property=\"og:url\" content=\"https:\/\/www.zuazogaston.com\/web\/gama-de-vinos-2\/\" \/>\n<meta property=\"og:site_name\" content=\"Zuazo Gast\u00f3n\" \/>\n<meta property=\"article:publisher\" content=\"http:\/\/www.facebook.com\/BodegasZuazoGaston\" \/>\n<meta property=\"article:modified_time\" content=\"2018-04-17T17:41:11+00:00\" \/>\n<meta name=\"twitter:card\" content=\"summary_large_image\" \/>\n<meta name=\"twitter:site\" content=\"@ZuazoGaston\" \/>\n<meta name=\"twitter:label1\" content=\"Tiempo de lectura\" \/>\n\t<meta name=\"twitter:data1\" content=\"3 minutos\" \/>\n<script type=\"application\/ld+json\" class=\"yoast-schema-graph\">{\"@context\":\"https:\/\/schema.org\",\"@graph\":[{\"@type\":\"WebPage\",\"@id\":\"https:\/\/www.zuazogaston.com\/web\/gama-de-vinos-2\/\",\"url\":\"https:\/\/www.zuazogaston.com\/web\/gama-de-vinos-2\/\",\"name\":\"Gama de Vinos - Zuazo Gast\u00f3n\",\"isPartOf\":{\"@id\":\"http:\/\/www.zuazogaston.com\/web\/#website\"},\"datePublished\":\"2014-12-03T16:03:14+00:00\",\"dateModified\":\"2018-04-17T17:41:11+00:00\",\"description\":\"Disfruta del cat\u00e1logo de Zuazo Gast\u00f3n, con sus vinos y premios.\",\"inLanguage\":\"es\",\"potentialAction\":[{\"@type\":\"ReadAction\",\"target\":[\"https:\/\/www.zuazogaston.com\/web\/gama-de-vinos-2\/\"]}]},{\"@type\":\"WebSite\",\"@id\":\"http:\/\/www.zuazogaston.com\/web\/#website\",\"url\":\"http:\/\/www.zuazogaston.com\/web\/\",\"name\":\"Zuazo Gast\u00f3n\",\"description\":\"Bodegas y Vi\u00f1edos\",\"potentialAction\":[{\"@type\":\"SearchAction\",\"target\":{\"@type\":\"EntryPoint\",\"urlTemplate\":\"http:\/\/www.zuazogaston.com\/web\/?s={search_term_string}\"},\"query-input\":{\"@type\":\"PropertyValueSpecification\",\"valueRequired\":true,\"valueName\":\"search_term_string\"}}],\"inLanguage\":\"es\"}]}<\/script>\n<!-- \/ Yoast SEO plugin. -->","yoast_head_json":{"title":"Gama de Vinos - Zuazo Gast\u00f3n","description":"Disfruta del cat\u00e1logo de Zuazo Gast\u00f3n, con sus vinos y premios.","robots":{"index":"index","follow":"follow","max-snippet":"max-snippet:-1","max-image-preview":"max-image-preview:large","max-video-preview":"max-video-preview:-1"},"canonical":"https:\/\/www.zuazogaston.com\/web\/gama-de-vinos-2\/","og_locale":"es_ES","og_type":"article","og_title":"Gama de Vinos - Zuazo Gast\u00f3n","og_description":"Disfruta del cat\u00e1logo de Zuazo Gast\u00f3n, con sus vinos y premios.","og_url":"https:\/\/www.zuazogaston.com\/web\/gama-de-vinos-2\/","og_site_name":"Zuazo Gast\u00f3n","article_publisher":"http:\/\/www.facebook.com\/BodegasZuazoGaston","article_modified_time":"2018-04-17T17:41:11+00:00","twitter_card":"summary_large_image","twitter_site":"@ZuazoGaston","twitter_misc":{"Tiempo de lectura":"3 minutos"},"schema":{"@context":"https:\/\/schema.org","@graph":[{"@type":"WebPage","@id":"https:\/\/www.zuazogaston.com\/web\/gama-de-vinos-2\/","url":"https:\/\/www.zuazogaston.com\/web\/gama-de-vinos-2\/","name":"Gama de Vinos - Zuazo Gast\u00f3n","isPartOf":{"@id":"http:\/\/www.zuazogaston.com\/web\/#website"},"datePublished":"2014-12-03T16:03:14+00:00","dateModified":"2018-04-17T17:41:11+00:00","description":"Disfruta del cat\u00e1logo de Zuazo Gast\u00f3n, con sus vinos y premios.","inLanguage":"es","potentialAction":[{"@type":"ReadAction","target":["https:\/\/www.zuazogaston.com\/web\/gama-de-vinos-2\/"]}]},{"@type":"WebSite","@id":"http:\/\/www.zuazogaston.com\/web\/#website","url":"http:\/\/www.zuazogaston.com\/web\/","name":"Zuazo Gast\u00f3n","description":"Bodegas y Vi\u00f1edos","potentialAction":[{"@type":"SearchAction","target":{"@type":"EntryPoint","urlTemplate":"http:\/\/www.zuazogaston.com\/web\/?s={search_term_string}"},"query-input":{"@type":"PropertyValueSpecification","valueRequired":true,"valueName":"search_term_string"}}],"inLanguage":"es"}]}},"_links":{"self":[{"href":"https:\/\/www.zuazogaston.com\/web\/wp-json\/wp\/v2\/pages\/3801","targetHints":{"allow":["GET"]}}],"collection":[{"href":"https:\/\/www.zuazogaston.com\/web\/wp-json\/wp\/v2\/pages"}],"about":[{"href":"https:\/\/www.zuazogaston.com\/web\/wp-json\/wp\/v2\/types\/page"}],"author":[{"embeddable":true,"href":"https:\/\/www.zuazogaston.com\/web\/wp-json\/wp\/v2\/users\/1"}],"replies":[{"embeddable":true,"href":"https:\/\/www.zuazogaston.com\/web\/wp-json\/wp\/v2\/comments?post=3801"}],"version-history":[{"count":5,"href":"https:\/\/www.zuazogaston.com\/web\/wp-json\/wp\/v2\/pages\/3801\/revisions"}],"predecessor-version":[{"id":3807,"href":"https:\/\/www.zuazogaston.com\/web\/wp-json\/wp\/v2\/pages\/3801\/revisions\/3807"}],"wp:attachment":[{"href":"https:\/\/www.zuazogaston.com\/web\/wp-json\/wp\/v2\/media?parent=3801"}],"curies":[{"name":"wp","href":"https:\/\/api.w.org\/{rel}","templated":true}]}}