{"id":270,"date":"2014-08-31T16:30:37","date_gmt":"2014-08-31T14:30:37","guid":{"rendered":"http:\/\/zuazogaston.com\/singular\/?page_id=270"},"modified":"2025-09-03T10:48:55","modified_gmt":"2025-09-03T09:48:55","slug":"mapas-de-distribucion-2","status":"publish","type":"page","link":"https:\/\/www.zuazogaston.com\/web\/mapas-de-distribucion-2\/","title":{"rendered":"<!\u2013Mapas de Distribuci\u00f3n\u2013>"},"content":{"rendered":"<div class=\"wpb-content-wrapper\"><p>[vc_row][vc_column][rev_slider_vc alias=\u00bbdistribucion\u00bb][vc_row_inner css=\u00bb.vc_custom_1756886737319{padding-top: 30px !important;}\u00bb][vc_column_inner]    \r\n    <div class=\"title_subtitle\" style=\"text-align:center\">\r\n        <h3 style=\"color:#000000 !important; font-size:36px\">ENCUENTRA NUESTROS VINOS<\/h3>\r\n        <hr class=\"title_subtitle_separator\" style=\"border-bottom-color:#000000\"><\/hr>            <\/div>\r\n\r\n\t[vc_raw_html][\/vc_raw_html][\/vc_column_inner][\/vc_row_inner][\/vc_column][\/vc_row][vc_row][vc_column][vc_accordion active_tab=\u00bb4&#8243; collapsible=\u00bbyes\u00bb][vc_accordion_tab title=\u00bbPRESENCIA POR PROVINCIAS ZONA NORTE\u00bb][vc_column_text]<strong>JOS\u00c9 \u00c1NGEL CASCUDO<\/strong><\/p>\n<p>Tel. 672 016 498 | email: <a title=\"Contactar con distribuidor Zona Norte\" href=\"mailto:norte@zuazogaston.com\">norte@zuazogaston.com<\/a>[\/vc_column_text][\/vc_accordion_tab][vc_accordion_tab title=\u00bbPRESENCIA POR PROVINCIAS ZONA CENTRO\u00bb][vc_column_text]<strong>MARTA RODR\u00cdGUEZ DE PABLOS<\/strong><\/p>\n<p>Tel. 674 747 433 | email: <a title=\"Contactar con distribuidor Zona Centro\" href=\"mailto:centro@zuazogaston.com\">centro@zuazogaston.com<\/a>[\/vc_column_text][\/vc_accordion_tab][vc_accordion_tab title=\u00bbPRESENCIA POR PROVINCIAS ZONA SUR\u00bb][vc_column_text]<strong>PACO RUIZ<\/strong><\/p>\n<p>Tel. 692 639 124 | email: <a title=\"Contactar con distribuidor Zona Sur\" href=\"mailto:sur@zuazogaston.com\">este@zuazogaston.com<\/a>[\/vc_column_text][\/vc_accordion_tab][vc_accordion_tab title=\u00bbPRESENCIA INTERNACIONAL\u00bb][vc_column_text]<strong>UNAI TERROBA<\/strong><\/p>\n<p>Tel. +34 617 405 124 | email: <a title=\"Contactar con distribuidor Exportaci\u00f3n\" href=\"mailto:export@zuazogaston.com\">export@zuazogaston.com<\/a>[\/vc_column_text][\/vc_accordion_tab][\/vc_accordion][\/vc_column][\/vc_row][vc_row][vc_column][\/vc_column][\/vc_row][vc_row full_width=\u00bbstretch_row\u00bb content_placement=\u00bbmiddle\u00bb css=\u00bb.vc_custom_1755693341247{padding-top: 20px !important;padding-bottom: 40px !important;background-image: url(http:\/\/www.zuazogaston.com\/web\/wp-content\/uploads\/2025\/08\/pruden_zuazo_2.webp?id=5486) !important;background-position: center !important;background-repeat: no-repeat !important;background-size: cover !important;}\u00bb][vc_column css_animation=\u00bbnone\u00bb width=\u00bb1\/3&#8243;][vc_hoverbox image=\u00bb5488&#8243; primary_title=\u00bbTe\u00f3filo Reyes\u00bb hover_title=\u00bbTe\u00f3filo Reyes\u00bb shape=\u00bbsquare\u00bb hover_background_color=\u00bbcustom\u00bb hover_btn_title=\u00bbCONOCE EL PROYECTO\u00bb css_animation=\u00bbnone\u00bb hover_add_button=\u00bbtrue\u00bb hover_custom_background=\u00bb#B89969&#8243; hover_btn_link=\u00bburl:https%3A%2F%2Fwww.teofiloreyes.com\u00bb]<\/p>\n<h6 style=\"text-align: center;\"><em>Nuestro proyecto en Ribera del Duero. Vinos muy personales en la milla de oro de la D. O.<\/em><\/h6>\n<p>[\/vc_hoverbox][\/vc_column][vc_column width=\u00bb1\/3&#8243;][vc_hoverbox image=\u00bb5490&#8243; primary_title=\u00bbHacienda Gast\u00f3n\u00bb hover_title=\u00bbTe\u00f3filo Reyes\u00bb shape=\u00bbsquare\u00bb hover_background_color=\u00bbcustom\u00bb hover_btn_title=\u00bbCONOCE TAPAS GAST\u00d3N\u00bb css_animation=\u00bbnone\u00bb hover_add_button=\u00bbtrue\u00bb hover_custom_background=\u00bb#D67272&#8243; hover_btn_link=\u00bburl:https%3A%2F%2Fwww.zuazogaston.com%2Fweb%2Fhacienda-gaston%2F\u00bb]<\/p>\n<h6 style=\"text-align: center;\"><em>Gama de vinos alejados de los cors\u00e9s de las D.O. elaborados para el disfrute.<\/em><\/h6>\n<p>[\/vc_hoverbox][\/vc_column][vc_column width=\u00bb1\/3&#8243;][vc_hoverbox image=\u00bb5492&#8243; primary_title=\u00bbExportaci\u00f3n\u00bb hover_title=\u00bbExportaci\u00f3n\u00bb shape=\u00bbsquare\u00bb hover_background_color=\u00bbcustom\u00bb hover_btn_title=\u00bbCONOCE PA\u00cdSES\u00bb css_animation=\u00bbnone\u00bb hover_add_button=\u00bbtrue\u00bb hover_custom_background=\u00bb#899F79&#8243; hover_btn_link=\u00bburl:https%3A%2F%2Fwww.zuazogaston.com%2Fweb%2Fmapas-de-distribucion-2%2F\u00bb]<\/p>\n<h6 style=\"text-align: center;\"><em>Nuestra labor comercial llega a todo el mundo&#8230;, o casi.<\/em><\/h6>\n<p>[\/vc_hoverbox][\/vc_column][\/vc_row][vc_column width=\u00bb1\/3&#8243;][\/vc_column]<\/p>\n<\/div>","protected":false},"excerpt":{"rendered":"<p>[vc_row][vc_column][rev_slider_vc alias=\u00bbdistribucion\u00bb][vc_row_inner css=\u00bb.vc_custom_1756886737319{padding-top: 30px !important;}\u00bb][vc_column_inner][vc_raw_html][\/vc_raw_html][\/vc_column_inner][\/vc_row_inner][\/vc_column][\/vc_row][vc_row][vc_column][vc_accordion active_tab=\u00bb4&#8243; collapsible=\u00bbyes\u00bb][vc_accordion_tab title=\u00bbPRESENCIA POR PROVINCIAS ZONA NORTE\u00bb][vc_column_text]JOS\u00c9 \u00c1NGEL CASCUDO Tel. 672 016 498 | email: norte@zuazogaston.com[\/vc_column_text][\/vc_accordion_tab][vc_accordion_tab title=\u00bbPRESENCIA POR PROVINCIAS ZONA CENTRO\u00bb][vc_column_text]MARTA RODR\u00cdGUEZ DE PABLOS Tel. 674 747 433 | email: centro@zuazogaston.com[\/vc_column_text][\/vc_accordion_tab][vc_accordion_tab title=\u00bbPRESENCIA POR PROVINCIAS ZONA SUR\u00bb][vc_column_text]PACO RUIZ Tel. 692 639 124 | email: este@zuazogaston.com[\/vc_column_text][\/vc_accordion_tab][vc_accordion_tab title=\u00bbPRESENCIA INTERNACIONAL\u00bb][vc_column_text]UNAI TERROBA Tel. +34 617 [&hellip;]<\/p>\n","protected":false},"author":1,"featured_media":0,"parent":0,"menu_order":0,"comment_status":"closed","ping_status":"closed","template":"","meta":{"footnotes":""},"class_list":["post-270","page","type-page","status-publish","hentry"],"yoast_head":"<!-- This site is optimized with the Yoast SEO plugin v26.4 - https:\/\/yoast.com\/wordpress\/plugins\/seo\/ -->\n<title>Mapas de Distribuci\u00f3n - Zuazo Gast\u00f3n<\/title>\n<meta name=\"description\" content=\"Consulta nuestro mapa de distribuci\u00f3n y encuentra nuestros vinos.\" \/>\n<meta name=\"robots\" content=\"index, follow, max-snippet:-1, max-image-preview:large, max-video-preview:-1\" \/>\n<link rel=\"canonical\" href=\"https:\/\/www.zuazogaston.com\/web\/mapas-de-distribucion-2\/\" \/>\n<meta property=\"og:locale\" content=\"es_ES\" \/>\n<meta property=\"og:type\" content=\"article\" \/>\n<meta property=\"og:title\" content=\"Mapas de Distribuci\u00f3n - Zuazo Gast\u00f3n\" \/>\n<meta property=\"og:description\" content=\"Consulta nuestro mapa de distribuci\u00f3n y encuentra nuestros vinos.\" \/>\n<meta property=\"og:url\" content=\"https:\/\/www.zuazogaston.com\/web\/mapas-de-distribucion-2\/\" \/>\n<meta property=\"og:site_name\" content=\"Zuazo Gast\u00f3n\" \/>\n<meta property=\"article:publisher\" content=\"http:\/\/www.facebook.com\/BodegasZuazoGaston\" \/>\n<meta property=\"article:modified_time\" content=\"2025-09-03T09:48:55+00:00\" \/>\n<meta name=\"twitter:card\" content=\"summary_large_image\" \/>\n<meta name=\"twitter:site\" content=\"@ZuazoGaston\" \/>\n<meta name=\"twitter:label1\" content=\"Tiempo de lectura\" \/>\n\t<meta name=\"twitter:data1\" content=\"2 minutos\" \/>\n<script type=\"application\/ld+json\" class=\"yoast-schema-graph\">{\"@context\":\"https:\/\/schema.org\",\"@graph\":[{\"@type\":\"WebPage\",\"@id\":\"https:\/\/www.zuazogaston.com\/web\/mapas-de-distribucion-2\/\",\"url\":\"https:\/\/www.zuazogaston.com\/web\/mapas-de-distribucion-2\/\",\"name\":\"Mapas de Distribuci\u00f3n - Zuazo Gast\u00f3n\",\"isPartOf\":{\"@id\":\"http:\/\/www.zuazogaston.com\/web\/#website\"},\"datePublished\":\"2014-08-31T14:30:37+00:00\",\"dateModified\":\"2025-09-03T09:48:55+00:00\",\"description\":\"Consulta nuestro mapa de distribuci\u00f3n y encuentra nuestros vinos.\",\"inLanguage\":\"es\",\"potentialAction\":[{\"@type\":\"ReadAction\",\"target\":[\"https:\/\/www.zuazogaston.com\/web\/mapas-de-distribucion-2\/\"]}]},{\"@type\":\"WebSite\",\"@id\":\"http:\/\/www.zuazogaston.com\/web\/#website\",\"url\":\"http:\/\/www.zuazogaston.com\/web\/\",\"name\":\"Zuazo Gast\u00f3n\",\"description\":\"Bodegas y Vi\u00f1edos\",\"potentialAction\":[{\"@type\":\"SearchAction\",\"target\":{\"@type\":\"EntryPoint\",\"urlTemplate\":\"http:\/\/www.zuazogaston.com\/web\/?s={search_term_string}\"},\"query-input\":{\"@type\":\"PropertyValueSpecification\",\"valueRequired\":true,\"valueName\":\"search_term_string\"}}],\"inLanguage\":\"es\"}]}<\/script>\n<!-- \/ Yoast SEO plugin. -->","yoast_head_json":{"title":"Mapas de Distribuci\u00f3n - Zuazo Gast\u00f3n","description":"Consulta nuestro mapa de distribuci\u00f3n y encuentra nuestros vinos.","robots":{"index":"index","follow":"follow","max-snippet":"max-snippet:-1","max-image-preview":"max-image-preview:large","max-video-preview":"max-video-preview:-1"},"canonical":"https:\/\/www.zuazogaston.com\/web\/mapas-de-distribucion-2\/","og_locale":"es_ES","og_type":"article","og_title":"Mapas de Distribuci\u00f3n - Zuazo Gast\u00f3n","og_description":"Consulta nuestro mapa de distribuci\u00f3n y encuentra nuestros vinos.","og_url":"https:\/\/www.zuazogaston.com\/web\/mapas-de-distribucion-2\/","og_site_name":"Zuazo Gast\u00f3n","article_publisher":"http:\/\/www.facebook.com\/BodegasZuazoGaston","article_modified_time":"2025-09-03T09:48:55+00:00","twitter_card":"summary_large_image","twitter_site":"@ZuazoGaston","twitter_misc":{"Tiempo de lectura":"2 minutos"},"schema":{"@context":"https:\/\/schema.org","@graph":[{"@type":"WebPage","@id":"https:\/\/www.zuazogaston.com\/web\/mapas-de-distribucion-2\/","url":"https:\/\/www.zuazogaston.com\/web\/mapas-de-distribucion-2\/","name":"Mapas de Distribuci\u00f3n - Zuazo Gast\u00f3n","isPartOf":{"@id":"http:\/\/www.zuazogaston.com\/web\/#website"},"datePublished":"2014-08-31T14:30:37+00:00","dateModified":"2025-09-03T09:48:55+00:00","description":"Consulta nuestro mapa de distribuci\u00f3n y encuentra nuestros vinos.","inLanguage":"es","potentialAction":[{"@type":"ReadAction","target":["https:\/\/www.zuazogaston.com\/web\/mapas-de-distribucion-2\/"]}]},{"@type":"WebSite","@id":"http:\/\/www.zuazogaston.com\/web\/#website","url":"http:\/\/www.zuazogaston.com\/web\/","name":"Zuazo Gast\u00f3n","description":"Bodegas y Vi\u00f1edos","potentialAction":[{"@type":"SearchAction","target":{"@type":"EntryPoint","urlTemplate":"http:\/\/www.zuazogaston.com\/web\/?s={search_term_string}"},"query-input":{"@type":"PropertyValueSpecification","valueRequired":true,"valueName":"search_term_string"}}],"inLanguage":"es"}]}},"_links":{"self":[{"href":"https:\/\/www.zuazogaston.com\/web\/wp-json\/wp\/v2\/pages\/270","targetHints":{"allow":["GET"]}}],"collection":[{"href":"https:\/\/www.zuazogaston.com\/web\/wp-json\/wp\/v2\/pages"}],"about":[{"href":"https:\/\/www.zuazogaston.com\/web\/wp-json\/wp\/v2\/types\/page"}],"author":[{"embeddable":true,"href":"https:\/\/www.zuazogaston.com\/web\/wp-json\/wp\/v2\/users\/1"}],"replies":[{"embeddable":true,"href":"https:\/\/www.zuazogaston.com\/web\/wp-json\/wp\/v2\/comments?post=270"}],"version-history":[{"count":11,"href":"https:\/\/www.zuazogaston.com\/web\/wp-json\/wp\/v2\/pages\/270\/revisions"}],"predecessor-version":[{"id":5608,"href":"https:\/\/www.zuazogaston.com\/web\/wp-json\/wp\/v2\/pages\/270\/revisions\/5608"}],"wp:attachment":[{"href":"https:\/\/www.zuazogaston.com\/web\/wp-json\/wp\/v2\/media?parent=270"}],"curies":[{"name":"wp","href":"https:\/\/api.w.org\/{rel}","templated":true}]}}