{"id":2690,"date":"2014-06-06T12:57:13","date_gmt":"2014-06-06T10:57:13","guid":{"rendered":"http:\/\/zuazogaston.com\/historia-2\/"},"modified":"2019-12-31T18:36:48","modified_gmt":"2019-12-31T17:36:48","slug":"historia","status":"publish","type":"page","link":"https:\/\/www.zuazogaston.com\/web\/historia\/","title":{"rendered":"<!\u2013History\u2013>"},"content":{"rendered":"<div class=\"wpb-content-wrapper\"><p>[vc_row][vc_column][vc_single_image image=\u00bb3012&#8243; img_size=\u00bbfull\u00bb css=\u00bb.vc_custom_1577813767764{margin-top: -30px !important;margin-bottom: 15px !important;}\u00bb][\/vc_column][vc_column][vc_raw_html][\/vc_raw_html][\/vc_column][\/vc_row][vc_row][vc_column width=\u00bb1\/3&#8243;]\r\n\t\t<div class=\"shortcode_meet_the_team\">\r\n\t\t\t<div class=\"shortcode_meet_the_team_img_placeholder\"><img decoding=\"async\" src=\"https:\/\/www.zuazogaston.com\/web\/wp-content\/uploads\/2014\/06\/familia_02.jpg\" alt=\"\" \/><\/div>\r\n\t\t\t<h3>Family<\/h3>\r\n\t\t\t<div class=\"small_sep\"><\/div>\r\n\t\t\t<div class=\"role\">Winegrowers since 1850<\/div>\r\n\t\t\t<p><span style=\"color: #555555;\"><strong>1908:<\/strong> Zuazo family built a cellar at Buenos Aires Street, in Oyon, with two stone wine press.\u00a0<\/span><\/p>\n<p><span style=\"color: #555555;\"><strong>1947:<\/strong>\u00a0<strong>MR. Mariano Zuazo<\/strong> and Mr. Victoriano Gast\u00f3n, together with some other local winegrowers founded the local wine cooperative. This cooperative was focused on producing bulk wine.<\/span><\/p>\n<p><strong>1987:<\/strong>\u00a0Next family generation, headed by\u00a0<strong>Mr. Luis Zuazo<\/strong>\u00a0and 9 regional winegrowers, founded Maese Joan, a cellar where they elaborate, age and bottle wine from their own vineyards.<\/p>\r\n\t\t<\/div>\r\n\t[\/vc_column][vc_column width=\u00bb1\/3&#8243;]\r\n\t\t<div class=\"shortcode_meet_the_team\">\r\n\t\t\t<div class=\"shortcode_meet_the_team_img_placeholder\"><img decoding=\"async\" src=\"https:\/\/www.zuazogaston.com\/web\/wp-content\/uploads\/2014\/06\/familia_03.jpg\" alt=\"\" \/><\/div>\r\n\t\t\t<h3>Enology<\/h3>\r\n\t\t\t<div class=\"small_sep\"><\/div>\r\n\t\t\t<div class=\"role\">responsable<\/div>\r\n\t\t\t<p><strong>1989:<\/strong>\u00a0<strong>Prudencio Zuazo Gast\u00f3n<\/strong> after completing his Enology studies, decides to lay the foundation for the own family project: To elaborate their own wines with the fruit of their own vineyards.<\/p>\n<p><strong>1990-2000:<\/strong> We take this decade to grow, transform and expand the vineyards up to the 52 Has. which will become the base for the new project.<\/p>\n<p><strong>2001:<\/strong> <strong>Bodegas y Vi\u00f1edos Zuazo Gast\u00f3n<\/strong> was founded. The new cellar start elaborating and aging the first wines in a first facilities of less than 1000 m2.<br \/>\n<\/p>\r\n\t\t<\/div>\r\n\t[\/vc_column][vc_column width=\u00bb1\/3&#8243;]\r\n\t\t<div class=\"shortcode_meet_the_team\">\r\n\t\t\t<div class=\"shortcode_meet_the_team_img_placeholder\"><img decoding=\"async\" src=\"https:\/\/www.zuazogaston.com\/web\/wp-content\/uploads\/2014\/06\/familia_04.jpg\" alt=\"\" \/><\/div>\r\n\t\t\t<h3>Zuazo Gast\u00f3n<\/h3>\r\n\t\t\t<div class=\"small_sep\"><\/div>\r\n\t\t\t<div class=\"role\">a name like emblem<\/div>\r\n\t\t\t<p><strong>2013:<\/strong>\u00a0The cellar grows 100 Has. vineyards, which grapes we transform at our 4000 M2 state-of-the-art facilities where we have an elaboration capacity for 1.400.000 liters and 2.000 American and French barrels.<\/p>\n<p><strong>2015:<\/strong> Today, our wines are recognized and rewarded at the most prestigious national and international fairs and events. Zuazo Gaston wines are distributed by more than 130 companies throughout Spain and exported to more than 20 countries.<br \/>\n<\/p>\r\n\t\t<\/div>\r\n\t[\/vc_column][\/vc_row][vc_row][vc_column][recent_work_filtered][\/vc_column][\/vc_row][vc_column width=\u00bb1\/3&#8243;][\/vc_column]<\/p>\n<\/div>","protected":false},"excerpt":{"rendered":"<p>Aqu\u00ed va la descripci\u00f3n<\/p>\n","protected":false},"author":1,"featured_media":0,"parent":0,"menu_order":0,"comment_status":"closed","ping_status":"closed","template":"","meta":{"footnotes":""},"class_list":["post-2690","page","type-page","status-publish","hentry"],"yoast_head":"<!-- This site is optimized with the Yoast SEO plugin v26.4 - https:\/\/yoast.com\/wordpress\/plugins\/seo\/ -->\n<title>Historia - Zuazo Gast\u00f3n<\/title>\n<meta name=\"description\" content=\"Hacemos gala y orgullo de nuestros or\u00edgenes. La bodega y cada uno de nuestros vinos llevan el apellido Zuazo Gast\u00f3n representando nuestra historia.\" \/>\n<meta name=\"robots\" content=\"index, follow, max-snippet:-1, max-image-preview:large, max-video-preview:-1\" \/>\n<link rel=\"canonical\" href=\"https:\/\/www.zuazogaston.com\/web\/historia\/\" \/>\n<meta property=\"og:locale\" content=\"es_ES\" \/>\n<meta property=\"og:type\" content=\"article\" \/>\n<meta property=\"og:title\" content=\"Historia - Zuazo Gast\u00f3n\" \/>\n<meta property=\"og:description\" content=\"Hacemos gala y orgullo de nuestros or\u00edgenes. La bodega y cada uno de nuestros vinos llevan el apellido Zuazo Gast\u00f3n representando nuestra historia.\" \/>\n<meta property=\"og:url\" content=\"https:\/\/www.zuazogaston.com\/web\/historia\/\" \/>\n<meta property=\"og:site_name\" content=\"Zuazo Gast\u00f3n\" \/>\n<meta property=\"article:publisher\" content=\"http:\/\/www.facebook.com\/BodegasZuazoGaston\" \/>\n<meta property=\"article:modified_time\" content=\"2019-12-31T17:36:48+00:00\" \/>\n<meta name=\"twitter:card\" content=\"summary_large_image\" \/>\n<meta name=\"twitter:site\" content=\"@ZuazoGaston\" \/>\n<meta name=\"twitter:label1\" content=\"Tiempo de lectura\" \/>\n\t<meta name=\"twitter:data1\" content=\"2 minutos\" \/>\n<script type=\"application\/ld+json\" class=\"yoast-schema-graph\">{\"@context\":\"https:\/\/schema.org\",\"@graph\":[{\"@type\":\"WebPage\",\"@id\":\"https:\/\/www.zuazogaston.com\/web\/historia\/\",\"url\":\"https:\/\/www.zuazogaston.com\/web\/historia\/\",\"name\":\"Historia - Zuazo Gast\u00f3n\",\"isPartOf\":{\"@id\":\"http:\/\/www.zuazogaston.com\/web\/#website\"},\"datePublished\":\"2014-06-06T10:57:13+00:00\",\"dateModified\":\"2019-12-31T17:36:48+00:00\",\"description\":\"Hacemos gala y orgullo de nuestros or\u00edgenes. La bodega y cada uno de nuestros vinos llevan el apellido Zuazo Gast\u00f3n representando nuestra historia.\",\"inLanguage\":\"es\",\"potentialAction\":[{\"@type\":\"ReadAction\",\"target\":[\"https:\/\/www.zuazogaston.com\/web\/historia\/\"]}]},{\"@type\":\"WebSite\",\"@id\":\"http:\/\/www.zuazogaston.com\/web\/#website\",\"url\":\"http:\/\/www.zuazogaston.com\/web\/\",\"name\":\"Zuazo Gast\u00f3n\",\"description\":\"Bodegas y Vi\u00f1edos\",\"potentialAction\":[{\"@type\":\"SearchAction\",\"target\":{\"@type\":\"EntryPoint\",\"urlTemplate\":\"http:\/\/www.zuazogaston.com\/web\/?s={search_term_string}\"},\"query-input\":{\"@type\":\"PropertyValueSpecification\",\"valueRequired\":true,\"valueName\":\"search_term_string\"}}],\"inLanguage\":\"es\"}]}<\/script>\n<!-- \/ Yoast SEO plugin. -->","yoast_head_json":{"title":"Historia - Zuazo Gast\u00f3n","description":"Hacemos gala y orgullo de nuestros or\u00edgenes. La bodega y cada uno de nuestros vinos llevan el apellido Zuazo Gast\u00f3n representando nuestra historia.","robots":{"index":"index","follow":"follow","max-snippet":"max-snippet:-1","max-image-preview":"max-image-preview:large","max-video-preview":"max-video-preview:-1"},"canonical":"https:\/\/www.zuazogaston.com\/web\/historia\/","og_locale":"es_ES","og_type":"article","og_title":"Historia - Zuazo Gast\u00f3n","og_description":"Hacemos gala y orgullo de nuestros or\u00edgenes. La bodega y cada uno de nuestros vinos llevan el apellido Zuazo Gast\u00f3n representando nuestra historia.","og_url":"https:\/\/www.zuazogaston.com\/web\/historia\/","og_site_name":"Zuazo Gast\u00f3n","article_publisher":"http:\/\/www.facebook.com\/BodegasZuazoGaston","article_modified_time":"2019-12-31T17:36:48+00:00","twitter_card":"summary_large_image","twitter_site":"@ZuazoGaston","twitter_misc":{"Tiempo de lectura":"2 minutos"},"schema":{"@context":"https:\/\/schema.org","@graph":[{"@type":"WebPage","@id":"https:\/\/www.zuazogaston.com\/web\/historia\/","url":"https:\/\/www.zuazogaston.com\/web\/historia\/","name":"Historia - Zuazo Gast\u00f3n","isPartOf":{"@id":"http:\/\/www.zuazogaston.com\/web\/#website"},"datePublished":"2014-06-06T10:57:13+00:00","dateModified":"2019-12-31T17:36:48+00:00","description":"Hacemos gala y orgullo de nuestros or\u00edgenes. La bodega y cada uno de nuestros vinos llevan el apellido Zuazo Gast\u00f3n representando nuestra historia.","inLanguage":"es","potentialAction":[{"@type":"ReadAction","target":["https:\/\/www.zuazogaston.com\/web\/historia\/"]}]},{"@type":"WebSite","@id":"http:\/\/www.zuazogaston.com\/web\/#website","url":"http:\/\/www.zuazogaston.com\/web\/","name":"Zuazo Gast\u00f3n","description":"Bodegas y Vi\u00f1edos","potentialAction":[{"@type":"SearchAction","target":{"@type":"EntryPoint","urlTemplate":"http:\/\/www.zuazogaston.com\/web\/?s={search_term_string}"},"query-input":{"@type":"PropertyValueSpecification","valueRequired":true,"valueName":"search_term_string"}}],"inLanguage":"es"}]}},"_links":{"self":[{"href":"https:\/\/www.zuazogaston.com\/web\/wp-json\/wp\/v2\/pages\/2690","targetHints":{"allow":["GET"]}}],"collection":[{"href":"https:\/\/www.zuazogaston.com\/web\/wp-json\/wp\/v2\/pages"}],"about":[{"href":"https:\/\/www.zuazogaston.com\/web\/wp-json\/wp\/v2\/types\/page"}],"author":[{"embeddable":true,"href":"https:\/\/www.zuazogaston.com\/web\/wp-json\/wp\/v2\/users\/1"}],"replies":[{"embeddable":true,"href":"https:\/\/www.zuazogaston.com\/web\/wp-json\/wp\/v2\/comments?post=2690"}],"version-history":[{"count":4,"href":"https:\/\/www.zuazogaston.com\/web\/wp-json\/wp\/v2\/pages\/2690\/revisions"}],"predecessor-version":[{"id":4591,"href":"https:\/\/www.zuazogaston.com\/web\/wp-json\/wp\/v2\/pages\/2690\/revisions\/4591"}],"wp:attachment":[{"href":"https:\/\/www.zuazogaston.com\/web\/wp-json\/wp\/v2\/media?parent=2690"}],"curies":[{"name":"wp","href":"https:\/\/api.w.org\/{rel}","templated":true}]}}