{"id":2341,"date":"2014-12-03T18:05:37","date_gmt":"2014-12-03T16:05:37","guid":{"rendered":"http:\/\/zuazogaston.com\/singular\/?page_id=2341"},"modified":"2025-08-29T11:46:24","modified_gmt":"2025-08-29T10:46:24","slug":"estuches-2","status":"publish","type":"page","link":"http:\/\/www.zuazogaston.com\/web\/estuches-2\/","title":{"rendered":"<!\u2013Estuches\u2013>"},"content":{"rendered":"<div class=\"wpb-content-wrapper\"><p>[vc_row][vc_column css=\u00bb.vc_custom_1425325749799{margin-top: -20px !important;}\u00bb][vc_column_text]    \r\n    <div class=\"title_subtitle\" style=\"text-align:center\">\r\n        <h3 style=\"color:#383838 !important; font-size:36px\">Gama de Estuches<\/h3>\r\n                    <\/div>\r\n\r\n\t[\/vc_column_text][\/vc_column][\/vc_row][vc_row][vc_column css=\u00bb.vc_custom_1425325664613{margin-bottom: 30px !important;}\u00bb][vc_separator][\/vc_column][\/vc_row][vc_row][vc_column width=\u00bb1\/4&#8243;][vc_single_image image=\u00bb5558&#8243; alignment=\u00bbcenter\u00bb style=\u00bbvc_box_rounded\u00bb css=\u00bb\u00bb][vc_column_text css=\u00bb\u00bb]<\/p>\n<h3 style=\"text-align: center;\">Estuche cart\u00f3n 1 botella<\/h3>\n<p style=\"text-align: center;\"><span style=\"color: #a87f02;\">1 botella de Crianza de 75 cls.<\/span><\/p>\n<p>[\/vc_column_text][vc_btn title=\u00bbCOMPRAR\u00bb size=\u00bbxs\u00bb align=\u00bbcenter\u00bb css=\u00bb\u00bb link=\u00bburl:http%3A%2F%2Fwww.zuazogaston.com%2Fweb%2Fproducto%2Festuche-carton%2Festuche-carton-1-bot%2F\u00bb][\/vc_column][vc_column width=\u00bb1\/4&#8243;][vc_single_image image=\u00bb5559&#8243; alignment=\u00bbcenter\u00bb style=\u00bbvc_box_rounded\u00bb css=\u00bb\u00bb][vc_column_text css=\u00bb\u00bb]<\/p>\n<h3 style=\"text-align: center;\">Estuche cart\u00f3n 1 Magnum<\/h3>\n<p style=\"text-align: center;\"><span style=\"color: #a87f02;\">Crianza Magnum de 1,5 lts.<\/span><\/p>\n<p>[\/vc_column_text][vc_btn title=\u00bbCOMPRAR\u00bb size=\u00bbxs\u00bb align=\u00bbcenter\u00bb css=\u00bb\u00bb link=\u00bburl:http%3A%2F%2Fwww.zuazogaston.com%2Fweb%2Fproducto%2Festuche-magnum%2Festuche-magnum-1-bot-15-l%2F\u00bb][\/vc_column][vc_column width=\u00bb1\/4&#8243;][vc_single_image image=\u00bb5557&#8243; alignment=\u00bbcenter\u00bb style=\u00bbvc_box_rounded\u00bb css=\u00bb\u00bb][vc_column_text css=\u00bb\u00bb]<\/p>\n<h3 style=\"text-align: center;\">Estuche cart\u00f3n 3 botellas<\/h3>\n<p style=\"text-align: center;\"><span style=\"color: #a87f02;\">1 botella de Crianza, 1 de Reserva y 1 de Blanco<\/span><\/p>\n<p>[\/vc_column_text][vc_btn title=\u00bbCOMPRAR\u00bb size=\u00bbxs\u00bb align=\u00bbcenter\u00bb css=\u00bb\u00bb link=\u00bburl:http%3A%2F%2Fwww.zuazogaston.com%2Fweb%2Fproducto%2Festuche-carton%2Festuche-carton-3-bot%2F\u00bb][\/vc_column][vc_column width=\u00bb1\/4&#8243;][vc_single_image image=\u00bb5560&#8243; alignment=\u00bbcenter\u00bb style=\u00bbvc_box_rounded\u00bb css=\u00bb\u00bb][vc_column_text css=\u00bb\u00bb]<\/p>\n<h3 style=\"text-align: center;\">Estuche cart\u00f3n 4 botellas<\/h3>\n<p style=\"text-align: center;\"><span style=\"color: #a87f02;\">4 botellas Zuazo Gast\u00f3n Crianza<\/span><\/p>\n<p>[\/vc_column_text][vc_btn title=\u00bbCOMPRAR\u00bb size=\u00bbxs\u00bb align=\u00bbcenter\u00bb css=\u00bb\u00bb link=\u00bburl:http%3A%2F%2Fwww.zuazogaston.com%2Fweb%2Fproducto%2Festuche-carton%2Festuche-carton-4-bot%2F\u00bb][\/vc_column][\/vc_row][vc_row][vc_column width=\u00bb1\/4&#8243;][vc_column_text css=\u00bb\u00bb]\r\n\t\t<div class=\"shortcode_meet_the_team\">\r\n\t\t\t<div class=\"shortcode_meet_the_team_img_placeholder\"><img decoding=\"async\" src=\"http:\/\/www.zuazogaston.com\/web\/wp-content\/uploads\/2015\/03\/est05-1-1.jpg\" alt=\"\" \/><\/div>\r\n\t\t\t<h3>Estuche Madera 3 botellas<\/h3>\r\n\t\t\t<div class=\"small_sep\"><\/div>\r\n\t\t\t<div class=\"role\">1 botella crianza, 1 botella reserva, 1 botella ZG Roble Ribera de 75 cls.<\/div>\r\n\t\t\t<p><\/p>\r\n\t\t<\/div>\r\n\t[\/vc_column_text][vc_btn title=\u00bbCOMPRAR\u00bb size=\u00bbxs\u00bb align=\u00bbcenter\u00bb css=\u00bb\u00bb link=\u00bburl:http%3A%2F%2Fwww.zuazogaston.com%2Fweb%2Fproducto%2Festuche-madera%2Festuche-madera-3-bot%2F\u00bb][\/vc_column][vc_column width=\u00bb1\/4&#8243;][vc_column_text css=\u00bb\u00bb]\r\n\t\t<div class=\"shortcode_meet_the_team\">\r\n\t\t\t<div class=\"shortcode_meet_the_team_img_placeholder\"><img decoding=\"async\" src=\"http:\/\/www.zuazogaston.com\/web\/wp-content\/uploads\/2015\/03\/est06-1.jpg\" alt=\"\" \/><\/div>\r\n\t\t\t<h3>Estuche de madera 6 botellas<\/h3>\r\n\t\t\t<div class=\"small_sep\"><\/div>\r\n\t\t\t<div class=\"role\">6 botellas de Zuazo Gast\u00f3n Crianza de 75 cls.<\/div>\r\n\t\t\t<p><\/p>\r\n\t\t<\/div>\r\n\t[\/vc_column_text][vc_btn title=\u00bbCOMPRAR\u00bb size=\u00bbxs\u00bb align=\u00bbcenter\u00bb css=\u00bb\u00bb link=\u00bburl:http%3A%2F%2Fwww.zuazogaston.com%2Fweb%2Fproducto%2Festuche-madera%2Festuche-madera-6-bot%2F\u00bb][\/vc_column][vc_column width=\u00bb1\/4&#8243;][vc_column_text css=\u00bb\u00bb]\r\n\t\t<div class=\"shortcode_meet_the_team\">\r\n\t\t\t<div class=\"shortcode_meet_the_team_img_placeholder\"><img decoding=\"async\" src=\"http:\/\/www.zuazogaston.com\/web\/wp-content\/uploads\/2015\/03\/est03-1.jpg\" alt=\"\" \/><\/div>\r\n\t\t\t<h3>Cofre Cart\u00f3n 6 botellas<\/h3>\r\n\t\t\t<div class=\"small_sep\"><\/div>\r\n\t\t\t<div class=\"role\">2 botellas de ZG Roble Ribera, 2 botellas de reserva, 2 botellas de crianza de 75 cls.<\/div>\r\n\t\t\t<p><\/p>\r\n\t\t<\/div>\r\n\t[\/vc_column_text][vc_btn title=\u00bbCOMPRAR\u00bb size=\u00bbxs\u00bb align=\u00bbcenter\u00bb css=\u00bb\u00bb link=\u00bburl:http%3A%2F%2Fwww.zuazogaston.com%2Fweb%2Fproducto%2Fcofre-carton%2Fcofre-carton-6-bot%2F\u00bb][\/vc_column][vc_column width=\u00bb1\/4&#8243;][vc_column_text css=\u00bb\u00bb]\r\n\t\t<div class=\"shortcode_meet_the_team\">\r\n\t\t\t<div class=\"shortcode_meet_the_team_img_placeholder\"><img decoding=\"async\" src=\"http:\/\/www.zuazogaston.com\/web\/wp-content\/uploads\/2014\/12\/est081.jpg\" alt=\"\" \/><\/div>\r\n\t\t\t<h3>Cofre Cart\u00f3n<\/h3>\r\n\t\t\t<div class=\"small_sep\"><\/div>\r\n\t\t\t<div class=\"role\">6 bot. Selecci\u00f3n de Familia 75 cls.<\/div>\r\n\t\t\t<p><\/p>\r\n\t\t<\/div>\r\n\t[\/vc_column_text][vc_btn title=\u00bbCOMPRAR\u00bb size=\u00bbxs\u00bb align=\u00bbcenter\u00bb css=\u00bb\u00bb link=\u00bburl:http%3A%2F%2Fwww.zuazogaston.com%2Fweb%2Fproducto%2Festuche-carton%2Festuche-carton-6-bot%2F\u00bb][\/vc_column][\/vc_row][vc_row][vc_column css=\u00bb.vc_custom_1425325878870{margin-bottom: 40px !important;}\u00bb][vc_separator css=\u00bb.vc_custom_1577962980042{padding-bottom: 50px !important;}\u00bb][\/vc_column][\/vc_row]<\/p>\n<\/div>","protected":false},"excerpt":{"rendered":"<p>Aqu\u00ed va la descripci\u00f3n<\/p>\n","protected":false},"author":1,"featured_media":0,"parent":0,"menu_order":0,"comment_status":"closed","ping_status":"closed","template":"","meta":{"footnotes":""},"class_list":["post-2341","page","type-page","status-publish","hentry"],"yoast_head":"<!-- This site is optimized with the Yoast SEO plugin v26.4 - https:\/\/yoast.com\/wordpress\/plugins\/seo\/ -->\n<title>Gama de Estuches - Zuazo Gast\u00f3n<\/title>\n<meta name=\"description\" content=\"Disfruta del cat\u00e1logo de Zuazo Gast\u00f3n, con sus vinos y premios.\" \/>\n<meta name=\"robots\" content=\"index, follow, max-snippet:-1, max-image-preview:large, max-video-preview:-1\" \/>\n<link rel=\"canonical\" href=\"http:\/\/www.zuazogaston.com\/web\/estuches-2\/\" \/>\n<meta property=\"og:locale\" content=\"es_ES\" \/>\n<meta property=\"og:type\" content=\"article\" \/>\n<meta property=\"og:title\" content=\"Gama de Estuches - Zuazo Gast\u00f3n\" \/>\n<meta property=\"og:description\" content=\"Disfruta del cat\u00e1logo de Zuazo Gast\u00f3n, con sus vinos y premios.\" \/>\n<meta property=\"og:url\" content=\"http:\/\/www.zuazogaston.com\/web\/estuches-2\/\" \/>\n<meta property=\"og:site_name\" content=\"Zuazo Gast\u00f3n\" \/>\n<meta property=\"article:publisher\" content=\"http:\/\/www.facebook.com\/BodegasZuazoGaston\" \/>\n<meta property=\"article:modified_time\" content=\"2025-08-29T10:46:24+00:00\" \/>\n<meta name=\"twitter:card\" content=\"summary_large_image\" \/>\n<meta name=\"twitter:site\" content=\"@ZuazoGaston\" \/>\n<meta name=\"twitter:label1\" content=\"Tiempo de lectura\" \/>\n\t<meta name=\"twitter:data1\" content=\"2 minutos\" \/>\n<script type=\"application\/ld+json\" class=\"yoast-schema-graph\">{\"@context\":\"https:\/\/schema.org\",\"@graph\":[{\"@type\":\"WebPage\",\"@id\":\"http:\/\/www.zuazogaston.com\/web\/estuches-2\/\",\"url\":\"http:\/\/www.zuazogaston.com\/web\/estuches-2\/\",\"name\":\"Gama de Estuches - Zuazo Gast\u00f3n\",\"isPartOf\":{\"@id\":\"http:\/\/www.zuazogaston.com\/web\/#website\"},\"datePublished\":\"2014-12-03T16:05:37+00:00\",\"dateModified\":\"2025-08-29T10:46:24+00:00\",\"description\":\"Disfruta del cat\u00e1logo de Zuazo Gast\u00f3n, con sus vinos y premios.\",\"inLanguage\":\"es\",\"potentialAction\":[{\"@type\":\"ReadAction\",\"target\":[\"http:\/\/www.zuazogaston.com\/web\/estuches-2\/\"]}]},{\"@type\":\"WebSite\",\"@id\":\"http:\/\/www.zuazogaston.com\/web\/#website\",\"url\":\"http:\/\/www.zuazogaston.com\/web\/\",\"name\":\"Zuazo Gast\u00f3n\",\"description\":\"Bodegas y Vi\u00f1edos\",\"potentialAction\":[{\"@type\":\"SearchAction\",\"target\":{\"@type\":\"EntryPoint\",\"urlTemplate\":\"http:\/\/www.zuazogaston.com\/web\/?s={search_term_string}\"},\"query-input\":{\"@type\":\"PropertyValueSpecification\",\"valueRequired\":true,\"valueName\":\"search_term_string\"}}],\"inLanguage\":\"es\"}]}<\/script>\n<!-- \/ Yoast SEO plugin. -->","yoast_head_json":{"title":"Gama de Estuches - Zuazo Gast\u00f3n","description":"Disfruta del cat\u00e1logo de Zuazo Gast\u00f3n, con sus vinos y premios.","robots":{"index":"index","follow":"follow","max-snippet":"max-snippet:-1","max-image-preview":"max-image-preview:large","max-video-preview":"max-video-preview:-1"},"canonical":"http:\/\/www.zuazogaston.com\/web\/estuches-2\/","og_locale":"es_ES","og_type":"article","og_title":"Gama de Estuches - Zuazo Gast\u00f3n","og_description":"Disfruta del cat\u00e1logo de Zuazo Gast\u00f3n, con sus vinos y premios.","og_url":"http:\/\/www.zuazogaston.com\/web\/estuches-2\/","og_site_name":"Zuazo Gast\u00f3n","article_publisher":"http:\/\/www.facebook.com\/BodegasZuazoGaston","article_modified_time":"2025-08-29T10:46:24+00:00","twitter_card":"summary_large_image","twitter_site":"@ZuazoGaston","twitter_misc":{"Tiempo de lectura":"2 minutos"},"schema":{"@context":"https:\/\/schema.org","@graph":[{"@type":"WebPage","@id":"http:\/\/www.zuazogaston.com\/web\/estuches-2\/","url":"http:\/\/www.zuazogaston.com\/web\/estuches-2\/","name":"Gama de Estuches - Zuazo Gast\u00f3n","isPartOf":{"@id":"http:\/\/www.zuazogaston.com\/web\/#website"},"datePublished":"2014-12-03T16:05:37+00:00","dateModified":"2025-08-29T10:46:24+00:00","description":"Disfruta del cat\u00e1logo de Zuazo Gast\u00f3n, con sus vinos y premios.","inLanguage":"es","potentialAction":[{"@type":"ReadAction","target":["http:\/\/www.zuazogaston.com\/web\/estuches-2\/"]}]},{"@type":"WebSite","@id":"http:\/\/www.zuazogaston.com\/web\/#website","url":"http:\/\/www.zuazogaston.com\/web\/","name":"Zuazo Gast\u00f3n","description":"Bodegas y Vi\u00f1edos","potentialAction":[{"@type":"SearchAction","target":{"@type":"EntryPoint","urlTemplate":"http:\/\/www.zuazogaston.com\/web\/?s={search_term_string}"},"query-input":{"@type":"PropertyValueSpecification","valueRequired":true,"valueName":"search_term_string"}}],"inLanguage":"es"}]}},"_links":{"self":[{"href":"http:\/\/www.zuazogaston.com\/web\/wp-json\/wp\/v2\/pages\/2341","targetHints":{"allow":["GET"]}}],"collection":[{"href":"http:\/\/www.zuazogaston.com\/web\/wp-json\/wp\/v2\/pages"}],"about":[{"href":"http:\/\/www.zuazogaston.com\/web\/wp-json\/wp\/v2\/types\/page"}],"author":[{"embeddable":true,"href":"http:\/\/www.zuazogaston.com\/web\/wp-json\/wp\/v2\/users\/1"}],"replies":[{"embeddable":true,"href":"http:\/\/www.zuazogaston.com\/web\/wp-json\/wp\/v2\/comments?post=2341"}],"version-history":[{"count":10,"href":"http:\/\/www.zuazogaston.com\/web\/wp-json\/wp\/v2\/pages\/2341\/revisions"}],"predecessor-version":[{"id":5564,"href":"http:\/\/www.zuazogaston.com\/web\/wp-json\/wp\/v2\/pages\/2341\/revisions\/5564"}],"wp:attachment":[{"href":"http:\/\/www.zuazogaston.com\/web\/wp-json\/wp\/v2\/media?parent=2341"}],"curies":[{"name":"wp","href":"https:\/\/api.w.org\/{rel}","templated":true}]}}