{"id":2339,"date":"2014-12-03T18:03:14","date_gmt":"2014-12-03T16:03:14","guid":{"rendered":"http:\/\/zuazogaston.com\/singular\/?page_id=2339"},"modified":"2025-08-29T12:08:00","modified_gmt":"2025-08-29T11:08:00","slug":"gama-de-vinos-2-2","status":"publish","type":"page","link":"http:\/\/www.zuazogaston.com\/web\/gama-de-vinos-2-2\/","title":{"rendered":"<!\u2013Gama de Vinos\u2013>"},"content":{"rendered":"<div class=\"wpb-content-wrapper\"><p>[vc_row][vc_column width=\u00bb1\/5&#8243;][vc_single_image image=\u00bb5459&#8243; img_size=\u00bbmedium\u00bb alignment=\u00bbcenter\u00bb onclick=\u00bbcustom_link\u00bb css_animation=\u00bbnone\u00bb css=\u00bb\u00bb link=\u00bbhttp:\/\/www.zuazogaston.com\/web\/web\/zuazo_gaston_crianza\u00bb][vc_column_text css=\u00bb.vc_custom_1755605487236{padding-top: 20px !important;padding-bottom: 10px !important;}\u00bb]<\/p>\n<h4 style=\"text-align: center;\"><span style=\"color: #b36b00;\"><a style=\"color: #b36b00;\" href=\"http:\/\/www.zuazogaston.com\/web\/web\/zuazo_gaston_crianza\">Zuazo Gast\u00f3n Crianza<\/a><\/span><\/h4>\n<p style=\"text-align: center;\">12 meses en barrica franc\u00e9s.<\/p>\n<h4 style=\"text-align: center;\"><\/h4>\n<p>[\/vc_column_text][\/vc_column][vc_column width=\u00bb1\/5&#8243;][vc_single_image image=\u00bb5550&#8243; img_size=\u00bbmedium\u00bb alignment=\u00bbcenter\u00bb onclick=\u00bbcustom_link\u00bb css_animation=\u00bbnone\u00bb css=\u00bb\u00bb link=\u00bbhttp:\/\/www.zuazogaston.com\/web\/web\/zg_edicion_limitada\u00bb][vc_column_text css_animation=\u00bbnone\u00bb css=\u00bb.vc_custom_1577962712808{padding-top: 20px !important;padding-bottom: 10px !important;}\u00bb]<\/p>\n<h4 style=\"text-align: center;\"><span style=\"color: #b57800;\"><a style=\"color: #b57800;\" href=\"http:\/\/www.zuazogaston.com\/web\/web\/zg_edicion_limitada\">ZG Edici\u00f3n Limitada Rioja<\/a><\/span><\/h4>\n<p style=\"text-align: center;\">Crianza seleccionado de producci\u00f3n limitada.<\/p>\n<p>[\/vc_column_text][\/vc_column][vc_column width=\u00bb1\/5&#8243;][vc_single_image image=\u00bb5552&#8243; img_size=\u00bbmedium\u00bb alignment=\u00bbcenter\u00bb onclick=\u00bbcustom_link\u00bb css_animation=\u00bbnone\u00bb css=\u00bb\u00bb link=\u00bbhttp:\/\/www.zuazogaston.com\/web\/web\/zg_ribera_duero\u00bb][vc_column_text css_animation=\u00bbnone\u00bb css=\u00bb.vc_custom_1577962727308{padding-top: 20px !important;padding-bottom: 10px !important;}\u00bb]<\/p>\n<h4 style=\"text-align: center;\"><span style=\"color: #b36b00;\"><a style=\"color: #b36b00;\" href=\"http:\/\/www.zuazogaston.com\/web\/web\/zg_ribera_duero\">ZG Ribera de Duero<\/a><\/span><\/h4>\n<p style=\"text-align: center;\">Roble 5 meses de Barrica.<\/p>\n<p>[\/vc_column_text][\/vc_column][vc_column width=\u00bb1\/5&#8243;][vc_single_image image=\u00bb5554&#8243; img_size=\u00bbmedium\u00bb alignment=\u00bbcenter\u00bb onclick=\u00bbcustom_link\u00bb css_animation=\u00bbnone\u00bb css=\u00bb\u00bb link=\u00bbhttp:\/\/www.zuazogaston.com\/web\/web\/zuazogaston_reservadefamilia\u00bb][vc_column_text css_animation=\u00bbnone\u00bb css=\u00bb.vc_custom_1577962753296{padding-top: 20px !important;padding-bottom: 10px !important;}\u00bb]<\/p>\n<h4 style=\"text-align: center;\"><span style=\"color: #b36b00;\"><a style=\"color: #b36b00;\" href=\"http:\/\/www.zuazogaston.com\/web\/web\/zuazogaston_reservadefamilia\">Reserva de Familia<\/a><\/span><\/h4>\n<p style=\"text-align: center;\">Nuestra \u00faltima creaci\u00f3n, la m\u00e1s escogida y cuidada.<\/p>\n<p>[\/vc_column_text][\/vc_column][vc_column width=\u00bb1\/5&#8243;][vc_single_image image=\u00bb5461&#8243; img_size=\u00bbmedium\u00bb alignment=\u00bbcenter\u00bb onclick=\u00bbcustom_link\u00bb css_animation=\u00bbnone\u00bb css=\u00bb\u00bb link=\u00bbhttp:\/\/www.zuazogaston.com\/web\/web\/2602-2&#8243;][vc_column_text css_animation=\u00bbnone\u00bb css=\u00bb.vc_custom_1577962773017{padding-top: 20px !important;padding-bottom: 10px !important;}\u00bb]<\/p>\n<h4 style=\"text-align: center;\"><span style=\"color: #b57800;\"><a style=\"color: #b57800;\" href=\"http:\/\/www.zuazogaston.com\/web\/web\/2602-2\">Zuazo Gast\u00f3n Reserva<\/a><\/span><\/h4>\n<p style=\"text-align: center;\">Vi\u00f1edos antiguos. 20 meses en barrica.<\/p>\n<p>[\/vc_column_text][\/vc_column][\/vc_row][vc_row][vc_column width=\u00bb1\/5&#8243;][vc_single_image image=\u00bb5468&#8243; img_size=\u00bbmedium\u00bb alignment=\u00bbcenter\u00bb onclick=\u00bbcustom_link\u00bb css_animation=\u00bbnone\u00bb css=\u00bb\u00bb link=\u00bbhttp:\/\/www.zuazogaston.com\/web\/web\/vendimia_seleccionada\u00bb][vc_column_text css_animation=\u00bbnone\u00bb css=\u00bb.vc_custom_1577962785191{padding-top: 20px !important;padding-bottom: 10px !important;}\u00bb]<\/p>\n<h4 style=\"text-align: center;\"><span style=\"color: #b57800;\"><a style=\"color: #b57800;\" href=\"http:\/\/www.zuazogaston.com\/web\/web\/vendimia_seleccionada\">Vendimia Seleccionada<\/a><\/span><\/h4>\n<p style=\"text-align: center;\">6 meses en barrica de roble.<\/p>\n<p>[\/vc_column_text][\/vc_column][vc_column width=\u00bb1\/5&#8243;][vc_single_image image=\u00bb5443&#8243; img_size=\u00bbmedium\u00bb alignment=\u00bbcenter\u00bb onclick=\u00bbcustom_link\u00bb css_animation=\u00bbnone\u00bb css=\u00bb\u00bb link=\u00bbhttps:\/\/www.zuazogaston.com\/web\/essenzia-rosado\/\u00bb][vc_column_text css_animation=\u00bbnone\u00bb css=\u00bb.vc_custom_1756459255423{padding-top: 20px !important;padding-bottom: 10px !important;}\u00bb]<\/p>\n<h4 style=\"text-align: center;\"><a href=\"https:\/\/www.zuazogaston.com\/web\/essenzia-rosado\/\"><span style=\"color: #b57800;\">Essenzia Rosado Rioja<\/span><\/a><\/h4>\n<p style=\"text-align: center;\">Tempranillo Selecci\u00f3n Especial<\/p>\n<p>[\/vc_column_text][\/vc_column][vc_column width=\u00bb1\/5&#8243;][vc_single_image image=\u00bb5470&#8243; img_size=\u00bbmedium\u00bb alignment=\u00bbcenter\u00bb onclick=\u00bbcustom_link\u00bb css_animation=\u00bbnone\u00bb css=\u00bb\u00bb link=\u00bbhttp:\/\/www.zuazogaston.com\/web\/web\/blanco_viura\u00bb][vc_column_text css_animation=\u00bbnone\u00bb css=\u00bb.vc_custom_1577962810818{padding-top: 20px !important;padding-bottom: 10px !important;}\u00bb]<\/p>\n<h4 style=\"text-align: center;\"><span style=\"color: #b36b00;\"><a style=\"color: #b36b00;\" title=\"Zuazo Gaston Blanco Viura\" href=\"http:\/\/www.zuazogaston.com\/web\/web\/blanco_viura\">Blanco Viura<\/a><\/span><\/h4>\n<p style=\"text-align: center;\">Monovarietal de Viura.<\/p>\n<p>[\/vc_column_text][\/vc_column][vc_column width=\u00bb1\/5&#8243;][vc_single_image image=\u00bb5444&#8243; img_size=\u00bbmedium\u00bb alignment=\u00bbcenter\u00bb onclick=\u00bbcustom_link\u00bb css_animation=\u00bbnone\u00bb css=\u00bb\u00bb link=\u00bbhttps:\/\/www.zuazogaston.com\/web\/essenzia-blanco\/\u00bb][vc_column_text css_animation=\u00bbnone\u00bb css=\u00bb.vc_custom_1756458089384{padding-top: 20px !important;padding-bottom: 10px !important;}\u00bb]<\/p>\n<h4 style=\"text-align: center;\"><a href=\"https:\/\/www.zuazogaston.com\/web\/essenzia-blanco\/\"><span style=\"color: #b57800;\">Essenzia Blanco Rueda<\/span><\/a><\/h4>\n<p style=\"text-align: center;\">Blanco sobre l\u00edas<\/p>\n<p>[\/vc_column_text][\/vc_column][vc_column width=\u00bb1\/5&#8243;][vc_single_image image=\u00bb5565&#8243; img_size=\u00bbmedium\u00bb alignment=\u00bbcenter\u00bb onclick=\u00bbcustom_link\u00bb css_animation=\u00bbnone\u00bb css=\u00bb\u00bb link=\u00bbhttps:\/\/www.zuazogaston.com\/web\/teofilo-reyes-reserva\u00bb][vc_column_text css=\u00bb.vc_custom_1610482120118{padding-top: 20px !important;padding-bottom: 10px !important;}\u00bb]<\/p>\n<h4 style=\"text-align: center;\"><a href=\"https:\/\/www.zuazogaston.com\/web\/teofilo-reyes-reserva\"><span style=\"color: #b57800;\">Te\u00f3filo Reyes Reserva<\/span><\/a><\/h4>\n<p style=\"text-align: center;\">Crianza 28\/32 meses de barrica<\/p>\n<p>[\/vc_column_text][\/vc_column][\/vc_row][vc_row][vc_column width=\u00bb1\/4&#8243;][vc_single_image image=\u00bb5473&#8243; img_size=\u00bbmedium\u00bb alignment=\u00bbcenter\u00bb onclick=\u00bbcustom_link\u00bb css_animation=\u00bbnone\u00bb css=\u00bb\u00bb link=\u00bbhttp:\/\/www.zuazogaston.com\/web\/web\/teofilo-crianza\u00bb][vc_column_text css=\u00bb.vc_custom_1614280326027{padding-top: 20px !important;padding-bottom: 10px !important;}\u00bb]<\/p>\n<h4 style=\"text-align: center;\"><a href=\"https:\/\/www.zuazogaston.com\/web\/teofilo-crianza\"><span style=\"color: #b57800;\">Te\u00f3filo Reyes Edici\u00f3n Limitada<\/span><\/a><\/h4>\n<p style=\"text-align: center;\">15 meses en barrica de roble<\/p>\n<p>[\/vc_column_text][\/vc_column][vc_column width=\u00bb1\/4&#8243;][vc_single_image image=\u00bb5475&#8243; img_size=\u00bbmedium\u00bb alignment=\u00bbcenter\u00bb onclick=\u00bbcustom_link\u00bb css_animation=\u00bbnone\u00bb css=\u00bb\u00bb link=\u00bbhttp:\/\/www.zuazogaston.com\/web\/web\/tamiz\u00bb][vc_column_text css=\u00bb.vc_custom_1756111987033{padding-top: 20px !important;padding-bottom: 10px !important;}\u00bb]<\/p>\n<h4 style=\"text-align: center;\"><a href=\"https:\/\/www.zuazogaston.com\/web\/tamiz\"><span style=\"color: #b57800;\">Tamiz<\/span><\/a><\/h4>\n<p style=\"text-align: center;\">6 meses en barrica de roble<\/p>\n<p>[\/vc_column_text][\/vc_column][vc_column width=\u00bb1\/4&#8243;][vc_single_image image=\u00bb5206&#8243; img_size=\u00bbmedium\u00bb alignment=\u00bbcenter\u00bb onclick=\u00bbcustom_link\u00bb css_animation=\u00bbnone\u00bb link=\u00bbhttps:\/\/www.zuazogaston.com\/web\/tapas_tempranillo\u00bb][vc_column_text css=\u00bb.vc_custom_1577962857112{padding-top: 20px !important;padding-bottom: 10px !important;}\u00bb]<\/p>\n<h4 style=\"text-align: center;\"><span style=\"color: #b57800;\"><a style=\"color: #b57800;\" href=\"https:\/\/www.zuazogaston.com\/web\/tapas_tempranillo\">Tapas Gast\u00f3n Tempranillo<\/a><\/span><\/h4>\n<p style=\"text-align: center;\">Tinto monovarietal de Tempranillo<\/p>\n<p>[\/vc_column_text][\/vc_column][vc_column width=\u00bb1\/4&#8243;][vc_single_image image=\u00bb5208&#8243; img_size=\u00bbmedium\u00bb alignment=\u00bbcenter\u00bb onclick=\u00bbcustom_link\u00bb css_animation=\u00bbnone\u00bb link=\u00bbhttp:\/\/www.zuazogaston.com\/web\/web\/tapas_verdejo\u00bb][vc_column_text css=\u00bb.vc_custom_1577962871243{padding-top: 20px !important;padding-bottom: 10px !important;}\u00bb]<\/p>\n<h4 style=\"text-align: center;\"><span style=\"color: #b57800;\"><a style=\"color: #b57800;\" href=\"https:\/\/www.zuazogaston.com\/web\/tapas_verdejo\">Tapas Gast\u00f3n Verdejo<\/a><\/span><\/h4>\n<p style=\"text-align: center;\">Blanco monovarietal de Verdejo<\/p>\n<p>[\/vc_column_text][\/vc_column][\/vc_row][vc_row][vc_column css=\u00bb.vc_custom_1437561707070{border-top-width: 20px !important;}\u00bb][vc_empty_space height=\u00bb20&#8243;][vc_separator css=\u00bb.vc_custom_1577962894089{padding-bottom: 50px !important;}\u00bb][\/vc_column][\/vc_row][vc_row][vc_column][\/vc_column][\/vc_row]<\/p>\n<\/div>","protected":false},"excerpt":{"rendered":"<p>Aqu\u00ed va la descripci\u00f3n<\/p>\n","protected":false},"author":1,"featured_media":0,"parent":0,"menu_order":0,"comment_status":"closed","ping_status":"closed","template":"","meta":{"footnotes":""},"class_list":["post-2339","page","type-page","status-publish","hentry"],"yoast_head":"<!-- This site is optimized with the Yoast SEO plugin v26.4 - https:\/\/yoast.com\/wordpress\/plugins\/seo\/ -->\n<title>Gama de Vinos - Zuazo Gast\u00f3n<\/title>\n<meta name=\"description\" content=\"Disfruta del cat\u00e1logo de Zuazo Gast\u00f3n, con sus vinos y premios.\" \/>\n<meta name=\"robots\" content=\"index, follow, max-snippet:-1, max-image-preview:large, max-video-preview:-1\" \/>\n<link rel=\"canonical\" href=\"https:\/\/www.zuazogaston.com\/web\/gama-de-vinos-2-2\/\" \/>\n<meta property=\"og:locale\" content=\"es_ES\" \/>\n<meta property=\"og:type\" content=\"article\" \/>\n<meta property=\"og:title\" content=\"Gama de Vinos - Zuazo Gast\u00f3n\" \/>\n<meta property=\"og:description\" content=\"Disfruta del cat\u00e1logo de Zuazo Gast\u00f3n, con sus vinos y premios.\" \/>\n<meta property=\"og:url\" content=\"https:\/\/www.zuazogaston.com\/web\/gama-de-vinos-2-2\/\" \/>\n<meta property=\"og:site_name\" content=\"Zuazo Gast\u00f3n\" \/>\n<meta property=\"article:publisher\" content=\"http:\/\/www.facebook.com\/BodegasZuazoGaston\" \/>\n<meta property=\"article:modified_time\" content=\"2025-08-29T11:08:00+00:00\" \/>\n<meta name=\"twitter:card\" content=\"summary_large_image\" \/>\n<meta name=\"twitter:site\" content=\"@ZuazoGaston\" \/>\n<meta name=\"twitter:label1\" content=\"Tiempo de lectura\" \/>\n\t<meta name=\"twitter:data1\" content=\"2 minutos\" \/>\n<script type=\"application\/ld+json\" class=\"yoast-schema-graph\">{\"@context\":\"https:\/\/schema.org\",\"@graph\":[{\"@type\":\"WebPage\",\"@id\":\"https:\/\/www.zuazogaston.com\/web\/gama-de-vinos-2-2\/\",\"url\":\"https:\/\/www.zuazogaston.com\/web\/gama-de-vinos-2-2\/\",\"name\":\"Gama de Vinos - Zuazo Gast\u00f3n\",\"isPartOf\":{\"@id\":\"http:\/\/www.zuazogaston.com\/web\/#website\"},\"datePublished\":\"2014-12-03T16:03:14+00:00\",\"dateModified\":\"2025-08-29T11:08:00+00:00\",\"description\":\"Disfruta del cat\u00e1logo de Zuazo Gast\u00f3n, con sus vinos y premios.\",\"inLanguage\":\"es\",\"potentialAction\":[{\"@type\":\"ReadAction\",\"target\":[\"https:\/\/www.zuazogaston.com\/web\/gama-de-vinos-2-2\/\"]}]},{\"@type\":\"WebSite\",\"@id\":\"http:\/\/www.zuazogaston.com\/web\/#website\",\"url\":\"http:\/\/www.zuazogaston.com\/web\/\",\"name\":\"Zuazo Gast\u00f3n\",\"description\":\"Bodegas y Vi\u00f1edos\",\"potentialAction\":[{\"@type\":\"SearchAction\",\"target\":{\"@type\":\"EntryPoint\",\"urlTemplate\":\"http:\/\/www.zuazogaston.com\/web\/?s={search_term_string}\"},\"query-input\":{\"@type\":\"PropertyValueSpecification\",\"valueRequired\":true,\"valueName\":\"search_term_string\"}}],\"inLanguage\":\"es\"}]}<\/script>\n<!-- \/ Yoast SEO plugin. -->","yoast_head_json":{"title":"Gama de Vinos - Zuazo Gast\u00f3n","description":"Disfruta del cat\u00e1logo de Zuazo Gast\u00f3n, con sus vinos y premios.","robots":{"index":"index","follow":"follow","max-snippet":"max-snippet:-1","max-image-preview":"max-image-preview:large","max-video-preview":"max-video-preview:-1"},"canonical":"https:\/\/www.zuazogaston.com\/web\/gama-de-vinos-2-2\/","og_locale":"es_ES","og_type":"article","og_title":"Gama de Vinos - Zuazo Gast\u00f3n","og_description":"Disfruta del cat\u00e1logo de Zuazo Gast\u00f3n, con sus vinos y premios.","og_url":"https:\/\/www.zuazogaston.com\/web\/gama-de-vinos-2-2\/","og_site_name":"Zuazo Gast\u00f3n","article_publisher":"http:\/\/www.facebook.com\/BodegasZuazoGaston","article_modified_time":"2025-08-29T11:08:00+00:00","twitter_card":"summary_large_image","twitter_site":"@ZuazoGaston","twitter_misc":{"Tiempo de lectura":"2 minutos"},"schema":{"@context":"https:\/\/schema.org","@graph":[{"@type":"WebPage","@id":"https:\/\/www.zuazogaston.com\/web\/gama-de-vinos-2-2\/","url":"https:\/\/www.zuazogaston.com\/web\/gama-de-vinos-2-2\/","name":"Gama de Vinos - Zuazo Gast\u00f3n","isPartOf":{"@id":"http:\/\/www.zuazogaston.com\/web\/#website"},"datePublished":"2014-12-03T16:03:14+00:00","dateModified":"2025-08-29T11:08:00+00:00","description":"Disfruta del cat\u00e1logo de Zuazo Gast\u00f3n, con sus vinos y premios.","inLanguage":"es","potentialAction":[{"@type":"ReadAction","target":["https:\/\/www.zuazogaston.com\/web\/gama-de-vinos-2-2\/"]}]},{"@type":"WebSite","@id":"http:\/\/www.zuazogaston.com\/web\/#website","url":"http:\/\/www.zuazogaston.com\/web\/","name":"Zuazo Gast\u00f3n","description":"Bodegas y Vi\u00f1edos","potentialAction":[{"@type":"SearchAction","target":{"@type":"EntryPoint","urlTemplate":"http:\/\/www.zuazogaston.com\/web\/?s={search_term_string}"},"query-input":{"@type":"PropertyValueSpecification","valueRequired":true,"valueName":"search_term_string"}}],"inLanguage":"es"}]}},"_links":{"self":[{"href":"http:\/\/www.zuazogaston.com\/web\/wp-json\/wp\/v2\/pages\/2339","targetHints":{"allow":["GET"]}}],"collection":[{"href":"http:\/\/www.zuazogaston.com\/web\/wp-json\/wp\/v2\/pages"}],"about":[{"href":"http:\/\/www.zuazogaston.com\/web\/wp-json\/wp\/v2\/types\/page"}],"author":[{"embeddable":true,"href":"http:\/\/www.zuazogaston.com\/web\/wp-json\/wp\/v2\/users\/1"}],"replies":[{"embeddable":true,"href":"http:\/\/www.zuazogaston.com\/web\/wp-json\/wp\/v2\/comments?post=2339"}],"version-history":[{"count":49,"href":"http:\/\/www.zuazogaston.com\/web\/wp-json\/wp\/v2\/pages\/2339\/revisions"}],"predecessor-version":[{"id":5566,"href":"http:\/\/www.zuazogaston.com\/web\/wp-json\/wp\/v2\/pages\/2339\/revisions\/5566"}],"wp:attachment":[{"href":"http:\/\/www.zuazogaston.com\/web\/wp-json\/wp\/v2\/media?parent=2339"}],"curies":[{"name":"wp","href":"https:\/\/api.w.org\/{rel}","templated":true}]}}