{"id":2303,"date":"2014-09-18T17:04:25","date_gmt":"2014-09-18T15:04:25","guid":{"rendered":"http:\/\/zuazogaston.com\/singular\/?page_id=2303"},"modified":"2020-01-02T11:11:19","modified_gmt":"2020-01-02T10:11:19","slug":"museo-2","status":"publish","type":"page","link":"http:\/\/www.zuazogaston.com\/web\/museo-2\/","title":{"rendered":"<!\u2013Museo y Comedor\u2013>"},"content":{"rendered":"<div class=\"wpb-content-wrapper\"><p>[vc_row][vc_column][rev_slider_vc alias=\u00bbMuseoN\u00bb][\/vc_column][\/vc_row][vc_row][vc_column css=\u00bb.vc_custom_1577959716705{padding-top: 50px !important;}\u00bb][vc_column_text css=\u00bb.vc_custom_1577959849342{padding-bottom: 50px !important;}\u00bb]<\/p>\n<h1 style=\"text-align: center;\"><strong>Nuestro Museo y Sala gastron\u00f3mica, paseos por el mundo del vino<\/strong><\/h1>\n<h4 style=\"text-align: center;\"><span style=\"color: #999999;\">Conozca todo aquello que rodea a la elaboraci\u00f3n del vino, su historia, la tierra, los envases, colores y sabores, las fases de la vi\u00f1a&#8230; Deje que\u00a0sus ojos se empapen con la Cultura del Vino y termine degustando nuestros vinos o con una cl\u00e1sica comida riojana en nuestro comedor.<\/span><\/h4>\n<p>[\/vc_column_text][vc_separator css=\u00bb.vc_custom_1577959857273{padding-bottom: 50px !important;}\u00bb][\/vc_column][\/vc_row][vc_row][vc_column][recent_work_filtered][\/vc_column][\/vc_row]<\/p>\n<\/div>","protected":false},"excerpt":{"rendered":"<p>[vc_row][vc_column][rev_slider_vc alias=\u00bbMuseoN\u00bb][\/vc_column][\/vc_row][vc_row][vc_column css=\u00bb.vc_custom_1577959716705{padding-top: 50px !important;}\u00bb][vc_column_text css=\u00bb.vc_custom_1577959849342{padding-bottom: 50px !important;}\u00bb] Nuestro Museo y Sala gastron\u00f3mica, paseos por el mundo del vino Conozca todo aquello que rodea a la elaboraci\u00f3n del vino, su historia, la tierra, los envases, colores y sabores, las fases de la vi\u00f1a&#8230; Deje que\u00a0sus ojos se empapen con la Cultura del Vino y termine [&hellip;]<\/p>\n","protected":false},"author":1,"featured_media":0,"parent":0,"menu_order":0,"comment_status":"closed","ping_status":"closed","template":"","meta":{"footnotes":""},"class_list":["post-2303","page","type-page","status-publish","hentry"],"yoast_head":"<!-- This site is optimized with the Yoast SEO plugin v26.4 - https:\/\/yoast.com\/wordpress\/plugins\/seo\/ -->\n<title>Museo y comedor - Zuazo Gaston<\/title>\n<meta name=\"description\" content=\"Conozca nuestro museo y comedor social. Visite nuestras nuevas instalaciones\" \/>\n<meta name=\"robots\" content=\"index, follow, max-snippet:-1, max-image-preview:large, max-video-preview:-1\" \/>\n<link rel=\"canonical\" href=\"http:\/\/www.zuazogaston.com\/web\/museo-2\/\" \/>\n<meta property=\"og:locale\" content=\"es_ES\" \/>\n<meta property=\"og:type\" content=\"article\" \/>\n<meta property=\"og:title\" content=\"Museo y comedor - Zuazo Gaston\" \/>\n<meta property=\"og:description\" content=\"Conozca nuestro museo y comedor social. Visite nuestras nuevas instalaciones\" \/>\n<meta property=\"og:url\" content=\"http:\/\/www.zuazogaston.com\/web\/museo-2\/\" \/>\n<meta property=\"og:site_name\" content=\"Zuazo Gast\u00f3n\" \/>\n<meta property=\"article:publisher\" content=\"http:\/\/www.facebook.com\/BodegasZuazoGaston\" \/>\n<meta property=\"article:modified_time\" content=\"2020-01-02T10:11:19+00:00\" \/>\n<meta name=\"twitter:card\" content=\"summary_large_image\" \/>\n<meta name=\"twitter:site\" content=\"@ZuazoGaston\" \/>\n<meta name=\"twitter:label1\" content=\"Tiempo de lectura\" \/>\n\t<meta name=\"twitter:data1\" content=\"1 minuto\" \/>\n<script type=\"application\/ld+json\" class=\"yoast-schema-graph\">{\"@context\":\"https:\/\/schema.org\",\"@graph\":[{\"@type\":\"WebPage\",\"@id\":\"http:\/\/www.zuazogaston.com\/web\/museo-2\/\",\"url\":\"http:\/\/www.zuazogaston.com\/web\/museo-2\/\",\"name\":\"Museo y comedor - Zuazo Gaston\",\"isPartOf\":{\"@id\":\"http:\/\/www.zuazogaston.com\/web\/#website\"},\"datePublished\":\"2014-09-18T15:04:25+00:00\",\"dateModified\":\"2020-01-02T10:11:19+00:00\",\"description\":\"Conozca nuestro museo y comedor social. Visite nuestras nuevas instalaciones\",\"inLanguage\":\"es\",\"potentialAction\":[{\"@type\":\"ReadAction\",\"target\":[\"http:\/\/www.zuazogaston.com\/web\/museo-2\/\"]}]},{\"@type\":\"WebSite\",\"@id\":\"http:\/\/www.zuazogaston.com\/web\/#website\",\"url\":\"http:\/\/www.zuazogaston.com\/web\/\",\"name\":\"Zuazo Gast\u00f3n\",\"description\":\"Bodegas y Vi\u00f1edos\",\"potentialAction\":[{\"@type\":\"SearchAction\",\"target\":{\"@type\":\"EntryPoint\",\"urlTemplate\":\"http:\/\/www.zuazogaston.com\/web\/?s={search_term_string}\"},\"query-input\":{\"@type\":\"PropertyValueSpecification\",\"valueRequired\":true,\"valueName\":\"search_term_string\"}}],\"inLanguage\":\"es\"}]}<\/script>\n<!-- \/ Yoast SEO plugin. -->","yoast_head_json":{"title":"Museo y comedor - Zuazo Gaston","description":"Conozca nuestro museo y comedor social. Visite nuestras nuevas instalaciones","robots":{"index":"index","follow":"follow","max-snippet":"max-snippet:-1","max-image-preview":"max-image-preview:large","max-video-preview":"max-video-preview:-1"},"canonical":"http:\/\/www.zuazogaston.com\/web\/museo-2\/","og_locale":"es_ES","og_type":"article","og_title":"Museo y comedor - Zuazo Gaston","og_description":"Conozca nuestro museo y comedor social. Visite nuestras nuevas instalaciones","og_url":"http:\/\/www.zuazogaston.com\/web\/museo-2\/","og_site_name":"Zuazo Gast\u00f3n","article_publisher":"http:\/\/www.facebook.com\/BodegasZuazoGaston","article_modified_time":"2020-01-02T10:11:19+00:00","twitter_card":"summary_large_image","twitter_site":"@ZuazoGaston","twitter_misc":{"Tiempo de lectura":"1 minuto"},"schema":{"@context":"https:\/\/schema.org","@graph":[{"@type":"WebPage","@id":"http:\/\/www.zuazogaston.com\/web\/museo-2\/","url":"http:\/\/www.zuazogaston.com\/web\/museo-2\/","name":"Museo y comedor - Zuazo Gaston","isPartOf":{"@id":"http:\/\/www.zuazogaston.com\/web\/#website"},"datePublished":"2014-09-18T15:04:25+00:00","dateModified":"2020-01-02T10:11:19+00:00","description":"Conozca nuestro museo y comedor social. Visite nuestras nuevas instalaciones","inLanguage":"es","potentialAction":[{"@type":"ReadAction","target":["http:\/\/www.zuazogaston.com\/web\/museo-2\/"]}]},{"@type":"WebSite","@id":"http:\/\/www.zuazogaston.com\/web\/#website","url":"http:\/\/www.zuazogaston.com\/web\/","name":"Zuazo Gast\u00f3n","description":"Bodegas y Vi\u00f1edos","potentialAction":[{"@type":"SearchAction","target":{"@type":"EntryPoint","urlTemplate":"http:\/\/www.zuazogaston.com\/web\/?s={search_term_string}"},"query-input":{"@type":"PropertyValueSpecification","valueRequired":true,"valueName":"search_term_string"}}],"inLanguage":"es"}]}},"_links":{"self":[{"href":"http:\/\/www.zuazogaston.com\/web\/wp-json\/wp\/v2\/pages\/2303","targetHints":{"allow":["GET"]}}],"collection":[{"href":"http:\/\/www.zuazogaston.com\/web\/wp-json\/wp\/v2\/pages"}],"about":[{"href":"http:\/\/www.zuazogaston.com\/web\/wp-json\/wp\/v2\/types\/page"}],"author":[{"embeddable":true,"href":"http:\/\/www.zuazogaston.com\/web\/wp-json\/wp\/v2\/users\/1"}],"replies":[{"embeddable":true,"href":"http:\/\/www.zuazogaston.com\/web\/wp-json\/wp\/v2\/comments?post=2303"}],"version-history":[{"count":2,"href":"http:\/\/www.zuazogaston.com\/web\/wp-json\/wp\/v2\/pages\/2303\/revisions"}],"predecessor-version":[{"id":4602,"href":"http:\/\/www.zuazogaston.com\/web\/wp-json\/wp\/v2\/pages\/2303\/revisions\/4602"}],"wp:attachment":[{"href":"http:\/\/www.zuazogaston.com\/web\/wp-json\/wp\/v2\/media?parent=2303"}],"curies":[{"name":"wp","href":"https:\/\/api.w.org\/{rel}","templated":true}]}}