{"id":118,"date":"2014-06-25T18:16:51","date_gmt":"2014-06-25T16:16:51","guid":{"rendered":"http:\/\/zuazogaston.com\/singular\/?page_id=118"},"modified":"2025-09-01T09:31:36","modified_gmt":"2025-09-01T08:31:36","slug":"vinedo-2","status":"publish","type":"page","link":"http:\/\/www.zuazogaston.com\/web\/vinedo-2\/","title":{"rendered":"<!\u2013Vi\u00f1edo\u2013>"},"content":{"rendered":"<div class=\"wpb-content-wrapper\"><p>[vc_row][vc_column][rev_slider_vc alias=\u00bbvignas\u00bb][\/vc_column][\/vc_row][vc_row][vc_column][vc_column_text css=\u00bb.vc_custom_1756715453503{margin-top: 30px !important;margin-bottom: 80px !important;}\u00bb]<\/p>\n<p style=\"text-align: center;\">\u00a0Ver galeria completa de fotos<a title=\"galeria de fotos\" href=\"http:\/\/www.zuazogaston.com\/web\/web\/nosotros-2\/\">\u00a0pinchando aqu\u00ed.<\/a><\/p>\n<h1 style=\"text-align: center;\"><strong>50 Has. de vi\u00f1edo propio que permiten la obtenci\u00f3n de vinos a la carta<\/strong><\/h1>\n<p style=\"text-align: center;\">Vi\u00f1as familiares de nombres evocadores que se desarrollan en zonas colindantes al pueblo de Oy\u00f3n, con diferentes edades donde crecen Graciano, Mazuelo, Viura y, sobre todo, Tempranillo como variedad dominante. El rendimiento controlado de nuestras plantaciones de alrededor de 4000 kg. por hect\u00e1rea certifica el posterior control de la calidad de la uva.<\/p>\n<p>[\/vc_column_text][\/vc_column][\/vc_row][vc_row][vc_column width=\u00bb1\/4&#8243;][\/vc_column][vc_column width=\u00bb1\/4&#8243; css=\u00bb.vc_custom_1577955864463{margin-top: 50px !important;margin-bottom: 50px !important;}\u00bb][vc_single_image image=\u00bb125&#8243; alignment=\u00bbcenter\u00bb][vc_column_text css=\u00bb.vc_custom_1577959486977{padding-top: 15px !important;padding-bottom: 15px !important;}\u00bb]<\/p>\n<h3 style=\"text-align: center;\">BODEGA<\/h3>\n<p>[\/vc_column_text][vc_btn title=\u00bbConocer m\u00e1s\u00bb size=\u00bbxs\u00bb align=\u00bbcenter\u00bb css=\u00bb\u00bb link=\u00bburl:http%3A%2F%2Fwww.zuazogaston.com%2Fweb%2Fnuestra-bodega-2&#8243;][\/vc_column][vc_column width=\u00bb1\/4&#8243; css=\u00bb.vc_custom_1577955874171{margin-top: 50px !important;margin-bottom: 50px !important;}\u00bb][vc_single_image image=\u00bb127&#8243; alignment=\u00bbcenter\u00bb][vc_column_text css=\u00bb.vc_custom_1577955567250{padding-top: 15px !important;padding-bottom: 15px !important;}\u00bb]<\/p>\n<h3 style=\"text-align: center;\">EQUIPO<\/h3>\n<p>[\/vc_column_text][vc_btn title=\u00bbConocer m\u00e1s\u00bb size=\u00bbxs\u00bb align=\u00bbcenter\u00bb css=\u00bb\u00bb link=\u00bburl:http%3A%2F%2Fwww.zuazogaston.com%2Fweb%2Fequipo-2&#8243;][\/vc_column][vc_column width=\u00bb1\/4&#8243;][\/vc_column][\/vc_row][vc_row][vc_column][vc_column_text][recent_work_filtered][\/vc_column_text][\/vc_column][\/vc_row][vc_row][vc_column][vc_column_text]<\/p>\n<p>[\/vc_column_text][\/vc_column][\/vc_row]<\/p>\n<\/div>","protected":false},"excerpt":{"rendered":"<p>[vc_row][vc_column][rev_slider_vc alias=\u00bbvignas\u00bb][\/vc_column][\/vc_row][vc_row][vc_column][vc_column_text css=\u00bb.vc_custom_1756715453503{margin-top: 30px !important;margin-bottom: 80px !important;}\u00bb] \u00a0Ver galeria completa de fotos\u00a0pinchando aqu\u00ed. 50 Has. de vi\u00f1edo propio que permiten la obtenci\u00f3n de vinos a la carta Vi\u00f1as familiares de nombres evocadores que se desarrollan en zonas colindantes al pueblo de Oy\u00f3n, con diferentes edades donde crecen Graciano, Mazuelo, Viura y, sobre todo, Tempranillo como [&hellip;]<\/p>\n","protected":false},"author":1,"featured_media":0,"parent":0,"menu_order":0,"comment_status":"closed","ping_status":"closed","template":"","meta":{"footnotes":""},"class_list":["post-118","page","type-page","status-publish","hentry"],"yoast_head":"<!-- This site is optimized with the Yoast SEO plugin v26.4 - https:\/\/yoast.com\/wordpress\/plugins\/seo\/ -->\n<title>Vi\u00f1edo - Zuazo Gast\u00f3n<\/title>\n<meta name=\"description\" content=\"Descubre las 50 Has. de vi\u00f1edo propio que permiten la obtenci\u00f3n de vinos a la carta.\" \/>\n<meta name=\"robots\" content=\"index, follow, max-snippet:-1, max-image-preview:large, max-video-preview:-1\" \/>\n<link rel=\"canonical\" href=\"https:\/\/www.zuazogaston.com\/web\/vinedo-2\/\" \/>\n<meta property=\"og:locale\" content=\"es_ES\" \/>\n<meta property=\"og:type\" content=\"article\" \/>\n<meta property=\"og:title\" content=\"Vi\u00f1edo - Zuazo Gast\u00f3n\" \/>\n<meta property=\"og:description\" content=\"Descubre las 50 Has. de vi\u00f1edo propio que permiten la obtenci\u00f3n de vinos a la carta.\" \/>\n<meta property=\"og:url\" content=\"https:\/\/www.zuazogaston.com\/web\/vinedo-2\/\" \/>\n<meta property=\"og:site_name\" content=\"Zuazo Gast\u00f3n\" \/>\n<meta property=\"article:publisher\" content=\"http:\/\/www.facebook.com\/BodegasZuazoGaston\" \/>\n<meta property=\"article:modified_time\" content=\"2025-09-01T08:31:36+00:00\" \/>\n<meta name=\"twitter:card\" content=\"summary_large_image\" \/>\n<meta name=\"twitter:site\" content=\"@ZuazoGaston\" \/>\n<meta name=\"twitter:label1\" content=\"Tiempo de lectura\" \/>\n\t<meta name=\"twitter:data1\" content=\"1 minuto\" \/>\n<script type=\"application\/ld+json\" class=\"yoast-schema-graph\">{\"@context\":\"https:\/\/schema.org\",\"@graph\":[{\"@type\":\"WebPage\",\"@id\":\"https:\/\/www.zuazogaston.com\/web\/vinedo-2\/\",\"url\":\"https:\/\/www.zuazogaston.com\/web\/vinedo-2\/\",\"name\":\"Vi\u00f1edo - Zuazo Gast\u00f3n\",\"isPartOf\":{\"@id\":\"http:\/\/www.zuazogaston.com\/web\/#website\"},\"datePublished\":\"2014-06-25T16:16:51+00:00\",\"dateModified\":\"2025-09-01T08:31:36+00:00\",\"description\":\"Descubre las 50 Has. de vi\u00f1edo propio que permiten la obtenci\u00f3n de vinos a la carta.\",\"inLanguage\":\"es\",\"potentialAction\":[{\"@type\":\"ReadAction\",\"target\":[\"https:\/\/www.zuazogaston.com\/web\/vinedo-2\/\"]}]},{\"@type\":\"WebSite\",\"@id\":\"http:\/\/www.zuazogaston.com\/web\/#website\",\"url\":\"http:\/\/www.zuazogaston.com\/web\/\",\"name\":\"Zuazo Gast\u00f3n\",\"description\":\"Bodegas y Vi\u00f1edos\",\"potentialAction\":[{\"@type\":\"SearchAction\",\"target\":{\"@type\":\"EntryPoint\",\"urlTemplate\":\"http:\/\/www.zuazogaston.com\/web\/?s={search_term_string}\"},\"query-input\":{\"@type\":\"PropertyValueSpecification\",\"valueRequired\":true,\"valueName\":\"search_term_string\"}}],\"inLanguage\":\"es\"}]}<\/script>\n<!-- \/ Yoast SEO plugin. -->","yoast_head_json":{"title":"Vi\u00f1edo - Zuazo Gast\u00f3n","description":"Descubre las 50 Has. de vi\u00f1edo propio que permiten la obtenci\u00f3n de vinos a la carta.","robots":{"index":"index","follow":"follow","max-snippet":"max-snippet:-1","max-image-preview":"max-image-preview:large","max-video-preview":"max-video-preview:-1"},"canonical":"https:\/\/www.zuazogaston.com\/web\/vinedo-2\/","og_locale":"es_ES","og_type":"article","og_title":"Vi\u00f1edo - Zuazo Gast\u00f3n","og_description":"Descubre las 50 Has. de vi\u00f1edo propio que permiten la obtenci\u00f3n de vinos a la carta.","og_url":"https:\/\/www.zuazogaston.com\/web\/vinedo-2\/","og_site_name":"Zuazo Gast\u00f3n","article_publisher":"http:\/\/www.facebook.com\/BodegasZuazoGaston","article_modified_time":"2025-09-01T08:31:36+00:00","twitter_card":"summary_large_image","twitter_site":"@ZuazoGaston","twitter_misc":{"Tiempo de lectura":"1 minuto"},"schema":{"@context":"https:\/\/schema.org","@graph":[{"@type":"WebPage","@id":"https:\/\/www.zuazogaston.com\/web\/vinedo-2\/","url":"https:\/\/www.zuazogaston.com\/web\/vinedo-2\/","name":"Vi\u00f1edo - Zuazo Gast\u00f3n","isPartOf":{"@id":"http:\/\/www.zuazogaston.com\/web\/#website"},"datePublished":"2014-06-25T16:16:51+00:00","dateModified":"2025-09-01T08:31:36+00:00","description":"Descubre las 50 Has. de vi\u00f1edo propio que permiten la obtenci\u00f3n de vinos a la carta.","inLanguage":"es","potentialAction":[{"@type":"ReadAction","target":["https:\/\/www.zuazogaston.com\/web\/vinedo-2\/"]}]},{"@type":"WebSite","@id":"http:\/\/www.zuazogaston.com\/web\/#website","url":"http:\/\/www.zuazogaston.com\/web\/","name":"Zuazo Gast\u00f3n","description":"Bodegas y Vi\u00f1edos","potentialAction":[{"@type":"SearchAction","target":{"@type":"EntryPoint","urlTemplate":"http:\/\/www.zuazogaston.com\/web\/?s={search_term_string}"},"query-input":{"@type":"PropertyValueSpecification","valueRequired":true,"valueName":"search_term_string"}}],"inLanguage":"es"}]}},"_links":{"self":[{"href":"http:\/\/www.zuazogaston.com\/web\/wp-json\/wp\/v2\/pages\/118","targetHints":{"allow":["GET"]}}],"collection":[{"href":"http:\/\/www.zuazogaston.com\/web\/wp-json\/wp\/v2\/pages"}],"about":[{"href":"http:\/\/www.zuazogaston.com\/web\/wp-json\/wp\/v2\/types\/page"}],"author":[{"embeddable":true,"href":"http:\/\/www.zuazogaston.com\/web\/wp-json\/wp\/v2\/users\/1"}],"replies":[{"embeddable":true,"href":"http:\/\/www.zuazogaston.com\/web\/wp-json\/wp\/v2\/comments?post=118"}],"version-history":[{"count":4,"href":"http:\/\/www.zuazogaston.com\/web\/wp-json\/wp\/v2\/pages\/118\/revisions"}],"predecessor-version":[{"id":5572,"href":"http:\/\/www.zuazogaston.com\/web\/wp-json\/wp\/v2\/pages\/118\/revisions\/5572"}],"wp:attachment":[{"href":"http:\/\/www.zuazogaston.com\/web\/wp-json\/wp\/v2\/media?parent=118"}],"curies":[{"name":"wp","href":"https:\/\/api.w.org\/{rel}","templated":true}]}}