{"id":116,"date":"2014-06-25T18:15:33","date_gmt":"2014-06-25T16:15:33","guid":{"rendered":"http:\/\/zuazogaston.com\/singular\/?page_id=116"},"modified":"2025-09-03T10:50:41","modified_gmt":"2025-09-03T09:50:41","slug":"nuestra-bodega-2","status":"publish","type":"page","link":"http:\/\/www.zuazogaston.com\/web\/nuestra-bodega-2\/","title":{"rendered":"<!\u2013Nuestra Bodega\u2013>"},"content":{"rendered":"<div class=\"wpb-content-wrapper\"><p>[vc_row][vc_column width=\u00bb1\/3&#8243;][vc_single_image image=\u00bb129&#8243; img_size=\u00bbfull\u00bb alignment=\u00bbcenter\u00bb css_animation=\u00bbfadeIn\u00bb css=\u00bb.vc_custom_1577955736349{padding-right: 5px !important;padding-left: 5px !important;}\u00bb][\/vc_column][vc_column width=\u00bb1\/3&#8243;][vc_single_image image=\u00bb130&#8243; img_size=\u00bbfull\u00bb css_animation=\u00bbfadeIn\u00bb css=\u00bb.vc_custom_1577955747458{padding-right: 5px !important;padding-left: 5px !important;}\u00bb][\/vc_column][vc_column width=\u00bb1\/3&#8243;][vc_single_image image=\u00bb131&#8243; img_size=\u00bbfull\u00bb css_animation=\u00bbfadeIn\u00bb css=\u00bb.vc_custom_1577955760767{padding-right: 5px !important;padding-left: 5px !important;}\u00bb][\/vc_column][\/vc_row][vc_row][vc_column][vc_column_text css=\u00bb.vc_custom_1756714974104{margin-top: 30px !important;margin-bottom: 80px !important;}\u00bb]<\/p>\n<p style=\"text-align: center;\">\u00a0Ver galeria completa de fotos<a title=\"galeria de fotos\" href=\"http:\/\/www.zuazogaston.com\/web\/web\/nosotros-2\/\">\u00a0pinchando aqu\u00ed.<\/a><\/p>\n<h1 style=\"text-align: center;\"><strong><span style=\"color: #444444;\">Aqu\u00ed creamos\u00a0nuestros vinos y\u00a0aqu\u00ed se transforman<\/span><\/strong><\/h1>\n<p style=\"text-align: center;\"><span style=\"color: #444444;\">Desde la recepci\u00f3n de la uva hasta su\u00a0salida al mercado, el vino pasa por\u00a0diferentes etapas esenciales para su\u00a0exitoso final. Prensado, fermentaci\u00f3n,\u00a0crianza, coupages y embotellados son\u00a0algunos de esos pasos. Hay pocos secretos en el mundo del vino: elegir y cuidar con mimo la tierra es la premisa fundamental.\u00a0<\/span>Cuando el fruto est\u00e1 listo, entran en juego las habilidades de quienes se encargan de convertirlo en vino. Para lograr este objetivo, contamos tambi\u00e9n con unas instalaciones que se renuevan y modernizan constantemente.<\/p>\n<p>[\/vc_column_text][\/vc_column][\/vc_row][vc_row][vc_column width=\u00bb1\/4&#8243;][\/vc_column][vc_column width=\u00bb1\/4&#8243; css=\u00bb.vc_custom_1577955864463{margin-top: 50px !important;margin-bottom: 50px !important;}\u00bb][vc_single_image image=\u00bb126&#8243; alignment=\u00bbcenter\u00bb][vc_column_text css=\u00bb.vc_custom_1577955431496{padding-top: 15px !important;padding-bottom: 15px !important;}\u00bb]<\/p>\n<h3 style=\"text-align: center;\">VI\u00d1EDOS<\/h3>\n<p>[\/vc_column_text][vc_btn title=\u00bbConocer m\u00e1s\u00bb size=\u00bbxs\u00bb align=\u00bbcenter\u00bb css=\u00bb\u00bb link=\u00bburl:http%3A%2F%2Fwww.zuazogaston.com%2Fweb%2Fvinedo-2&#8243;][\/vc_column][vc_column width=\u00bb1\/4&#8243; css=\u00bb.vc_custom_1577955874171{margin-top: 50px !important;margin-bottom: 50px !important;}\u00bb][vc_single_image image=\u00bb127&#8243; alignment=\u00bbcenter\u00bb][vc_column_text css=\u00bb.vc_custom_1577955567250{padding-top: 15px !important;padding-bottom: 15px !important;}\u00bb]<\/p>\n<h3 style=\"text-align: center;\">EQUIPO<\/h3>\n<p>[\/vc_column_text][vc_btn title=\u00bbConocer m\u00e1s\u00bb size=\u00bbxs\u00bb align=\u00bbcenter\u00bb css=\u00bb\u00bb link=\u00bburl:http%3A%2F%2Fwww.zuazogaston.com%2Fweb%2Fequipo-2&#8243;][\/vc_column][vc_column width=\u00bb1\/4&#8243;][\/vc_column][\/vc_row][vc_row][vc_column][\/vc_column][\/vc_row][vc_row full_width=\u00bbstretch_row\u00bb content_placement=\u00bbmiddle\u00bb css=\u00bb.vc_custom_1755693341247{padding-top: 20px !important;padding-bottom: 40px !important;background-image: url(http:\/\/www.zuazogaston.com\/web\/wp-content\/uploads\/2025\/08\/pruden_zuazo_2.webp?id=5486) !important;background-position: center !important;background-repeat: no-repeat !important;background-size: cover !important;}\u00bb][vc_column css_animation=\u00bbnone\u00bb width=\u00bb1\/3&#8243;][vc_hoverbox image=\u00bb5488&#8243; primary_title=\u00bbTe\u00f3filo Reyes\u00bb hover_title=\u00bbTe\u00f3filo Reyes\u00bb shape=\u00bbsquare\u00bb hover_background_color=\u00bbcustom\u00bb hover_btn_title=\u00bbCONOCE EL PROYECTO\u00bb css_animation=\u00bbnone\u00bb hover_add_button=\u00bbtrue\u00bb hover_custom_background=\u00bb#B89969&#8243; hover_btn_link=\u00bburl:https%3A%2F%2Fwww.teofiloreyes.com\u00bb]<\/p>\n<h6 style=\"text-align: center;\"><em>Nuestro proyecto en Ribera del Duero. Vinos muy personales en la milla de oro de la D. O.<\/em><\/h6>\n<p>[\/vc_hoverbox][\/vc_column][vc_column width=\u00bb1\/3&#8243;][vc_hoverbox image=\u00bb5490&#8243; primary_title=\u00bbHacienda Gast\u00f3n\u00bb hover_title=\u00bbTe\u00f3filo Reyes\u00bb shape=\u00bbsquare\u00bb hover_background_color=\u00bbcustom\u00bb hover_btn_title=\u00bbCONOCE TAPAS GAST\u00d3N\u00bb css_animation=\u00bbnone\u00bb hover_add_button=\u00bbtrue\u00bb hover_custom_background=\u00bb#D67272&#8243; hover_btn_link=\u00bburl:https%3A%2F%2Fwww.zuazogaston.com%2Fweb%2Fhacienda-gaston%2F\u00bb]<\/p>\n<h6 style=\"text-align: center;\"><em>Gama de vinos alejados de los cors\u00e9s de las D.O. elaborados para el disfrute.<\/em><\/h6>\n<p>[\/vc_hoverbox][\/vc_column][vc_column width=\u00bb1\/3&#8243;][vc_hoverbox image=\u00bb5492&#8243; primary_title=\u00bbExportaci\u00f3n\u00bb hover_title=\u00bbExportaci\u00f3n\u00bb shape=\u00bbsquare\u00bb hover_background_color=\u00bbcustom\u00bb hover_btn_title=\u00bbCONOCE PA\u00cdSES\u00bb css_animation=\u00bbnone\u00bb hover_add_button=\u00bbtrue\u00bb hover_custom_background=\u00bb#899F79&#8243; hover_btn_link=\u00bburl:https%3A%2F%2Fwww.zuazogaston.com%2Fweb%2Fmapas-de-distribucion%2F\u00bb]<\/p>\n<h6 style=\"text-align: center;\"><em>Nuestra labor comercial llega a todo el mundo&#8230;, o casi.<\/em><\/h6>\n<p>[\/vc_hoverbox][\/vc_column][\/vc_row][vc_column width=\u00bb1\/3&#8243;][\/vc_column]<\/p>\n<\/div>","protected":false},"excerpt":{"rendered":"<p>[vc_row][vc_column width=\u00bb1\/3&#8243;][vc_single_image image=\u00bb129&#8243; img_size=\u00bbfull\u00bb alignment=\u00bbcenter\u00bb css_animation=\u00bbfadeIn\u00bb css=\u00bb.vc_custom_1577955736349{padding-right: 5px !important;padding-left: 5px !important;}\u00bb][\/vc_column][vc_column width=\u00bb1\/3&#8243;][vc_single_image image=\u00bb130&#8243; img_size=\u00bbfull\u00bb css_animation=\u00bbfadeIn\u00bb css=\u00bb.vc_custom_1577955747458{padding-right: 5px !important;padding-left: 5px !important;}\u00bb][\/vc_column][vc_column width=\u00bb1\/3&#8243;][vc_single_image image=\u00bb131&#8243; img_size=\u00bbfull\u00bb css_animation=\u00bbfadeIn\u00bb css=\u00bb.vc_custom_1577955760767{padding-right: 5px !important;padding-left: 5px !important;}\u00bb][\/vc_column][\/vc_row][vc_row][vc_column][vc_column_text css=\u00bb.vc_custom_1756714974104{margin-top: 30px !important;margin-bottom: 80px !important;}\u00bb] \u00a0Ver galeria completa de fotos\u00a0pinchando aqu\u00ed. Aqu\u00ed creamos\u00a0nuestros vinos y\u00a0aqu\u00ed se transforman Desde la recepci\u00f3n de la uva hasta su\u00a0salida al [&hellip;]<\/p>\n","protected":false},"author":1,"featured_media":0,"parent":0,"menu_order":0,"comment_status":"closed","ping_status":"closed","template":"","meta":{"footnotes":""},"class_list":["post-116","page","type-page","status-publish","hentry"],"yoast_head":"<!-- This site is optimized with the Yoast SEO plugin v26.4 - https:\/\/yoast.com\/wordpress\/plugins\/seo\/ -->\n<title>Nuestra Bodega - Zuazo Gast\u00f3n<\/title>\n<meta name=\"description\" content=\"Nuestros vinos son orgullo de nuestros or\u00edgenes. La bodega y cada uno de nuestros vinos llevan el apellido Zuazo Gast\u00f3n representando nuestra historia.\" \/>\n<meta name=\"robots\" content=\"index, follow, max-snippet:-1, max-image-preview:large, max-video-preview:-1\" \/>\n<link rel=\"canonical\" href=\"https:\/\/www.zuazogaston.com\/web\/nuestra-bodega-2\/\" \/>\n<meta property=\"og:locale\" content=\"es_ES\" \/>\n<meta property=\"og:type\" content=\"article\" \/>\n<meta property=\"og:title\" content=\"Nuestra Bodega - Zuazo Gast\u00f3n\" \/>\n<meta property=\"og:description\" content=\"Nuestros vinos son orgullo de nuestros or\u00edgenes. La bodega y cada uno de nuestros vinos llevan el apellido Zuazo Gast\u00f3n representando nuestra historia.\" \/>\n<meta property=\"og:url\" content=\"https:\/\/www.zuazogaston.com\/web\/nuestra-bodega-2\/\" \/>\n<meta property=\"og:site_name\" content=\"Zuazo Gast\u00f3n\" \/>\n<meta property=\"article:publisher\" content=\"http:\/\/www.facebook.com\/BodegasZuazoGaston\" \/>\n<meta property=\"article:modified_time\" content=\"2025-09-03T09:50:41+00:00\" \/>\n<meta name=\"twitter:card\" content=\"summary_large_image\" \/>\n<meta name=\"twitter:site\" content=\"@ZuazoGaston\" \/>\n<meta name=\"twitter:label1\" content=\"Tiempo de lectura\" \/>\n\t<meta name=\"twitter:data1\" content=\"3 minutos\" \/>\n<script type=\"application\/ld+json\" class=\"yoast-schema-graph\">{\"@context\":\"https:\/\/schema.org\",\"@graph\":[{\"@type\":\"WebPage\",\"@id\":\"https:\/\/www.zuazogaston.com\/web\/nuestra-bodega-2\/\",\"url\":\"https:\/\/www.zuazogaston.com\/web\/nuestra-bodega-2\/\",\"name\":\"Nuestra Bodega - Zuazo Gast\u00f3n\",\"isPartOf\":{\"@id\":\"http:\/\/www.zuazogaston.com\/web\/#website\"},\"datePublished\":\"2014-06-25T16:15:33+00:00\",\"dateModified\":\"2025-09-03T09:50:41+00:00\",\"description\":\"Nuestros vinos son orgullo de nuestros or\u00edgenes. La bodega y cada uno de nuestros vinos llevan el apellido Zuazo Gast\u00f3n representando nuestra historia.\",\"inLanguage\":\"es\",\"potentialAction\":[{\"@type\":\"ReadAction\",\"target\":[\"https:\/\/www.zuazogaston.com\/web\/nuestra-bodega-2\/\"]}]},{\"@type\":\"WebSite\",\"@id\":\"http:\/\/www.zuazogaston.com\/web\/#website\",\"url\":\"http:\/\/www.zuazogaston.com\/web\/\",\"name\":\"Zuazo Gast\u00f3n\",\"description\":\"Bodegas y Vi\u00f1edos\",\"potentialAction\":[{\"@type\":\"SearchAction\",\"target\":{\"@type\":\"EntryPoint\",\"urlTemplate\":\"http:\/\/www.zuazogaston.com\/web\/?s={search_term_string}\"},\"query-input\":{\"@type\":\"PropertyValueSpecification\",\"valueRequired\":true,\"valueName\":\"search_term_string\"}}],\"inLanguage\":\"es\"}]}<\/script>\n<!-- \/ Yoast SEO plugin. -->","yoast_head_json":{"title":"Nuestra Bodega - Zuazo Gast\u00f3n","description":"Nuestros vinos son orgullo de nuestros or\u00edgenes. La bodega y cada uno de nuestros vinos llevan el apellido Zuazo Gast\u00f3n representando nuestra historia.","robots":{"index":"index","follow":"follow","max-snippet":"max-snippet:-1","max-image-preview":"max-image-preview:large","max-video-preview":"max-video-preview:-1"},"canonical":"https:\/\/www.zuazogaston.com\/web\/nuestra-bodega-2\/","og_locale":"es_ES","og_type":"article","og_title":"Nuestra Bodega - Zuazo Gast\u00f3n","og_description":"Nuestros vinos son orgullo de nuestros or\u00edgenes. La bodega y cada uno de nuestros vinos llevan el apellido Zuazo Gast\u00f3n representando nuestra historia.","og_url":"https:\/\/www.zuazogaston.com\/web\/nuestra-bodega-2\/","og_site_name":"Zuazo Gast\u00f3n","article_publisher":"http:\/\/www.facebook.com\/BodegasZuazoGaston","article_modified_time":"2025-09-03T09:50:41+00:00","twitter_card":"summary_large_image","twitter_site":"@ZuazoGaston","twitter_misc":{"Tiempo de lectura":"3 minutos"},"schema":{"@context":"https:\/\/schema.org","@graph":[{"@type":"WebPage","@id":"https:\/\/www.zuazogaston.com\/web\/nuestra-bodega-2\/","url":"https:\/\/www.zuazogaston.com\/web\/nuestra-bodega-2\/","name":"Nuestra Bodega - Zuazo Gast\u00f3n","isPartOf":{"@id":"http:\/\/www.zuazogaston.com\/web\/#website"},"datePublished":"2014-06-25T16:15:33+00:00","dateModified":"2025-09-03T09:50:41+00:00","description":"Nuestros vinos son orgullo de nuestros or\u00edgenes. La bodega y cada uno de nuestros vinos llevan el apellido Zuazo Gast\u00f3n representando nuestra historia.","inLanguage":"es","potentialAction":[{"@type":"ReadAction","target":["https:\/\/www.zuazogaston.com\/web\/nuestra-bodega-2\/"]}]},{"@type":"WebSite","@id":"http:\/\/www.zuazogaston.com\/web\/#website","url":"http:\/\/www.zuazogaston.com\/web\/","name":"Zuazo Gast\u00f3n","description":"Bodegas y Vi\u00f1edos","potentialAction":[{"@type":"SearchAction","target":{"@type":"EntryPoint","urlTemplate":"http:\/\/www.zuazogaston.com\/web\/?s={search_term_string}"},"query-input":{"@type":"PropertyValueSpecification","valueRequired":true,"valueName":"search_term_string"}}],"inLanguage":"es"}]}},"_links":{"self":[{"href":"http:\/\/www.zuazogaston.com\/web\/wp-json\/wp\/v2\/pages\/116","targetHints":{"allow":["GET"]}}],"collection":[{"href":"http:\/\/www.zuazogaston.com\/web\/wp-json\/wp\/v2\/pages"}],"about":[{"href":"http:\/\/www.zuazogaston.com\/web\/wp-json\/wp\/v2\/types\/page"}],"author":[{"embeddable":true,"href":"http:\/\/www.zuazogaston.com\/web\/wp-json\/wp\/v2\/users\/1"}],"replies":[{"embeddable":true,"href":"http:\/\/www.zuazogaston.com\/web\/wp-json\/wp\/v2\/comments?post=116"}],"version-history":[{"count":6,"href":"http:\/\/www.zuazogaston.com\/web\/wp-json\/wp\/v2\/pages\/116\/revisions"}],"predecessor-version":[{"id":5609,"href":"http:\/\/www.zuazogaston.com\/web\/wp-json\/wp\/v2\/pages\/116\/revisions\/5609"}],"wp:attachment":[{"href":"http:\/\/www.zuazogaston.com\/web\/wp-json\/wp\/v2\/media?parent=116"}],"curies":[{"name":"wp","href":"https:\/\/api.w.org\/{rel}","templated":true}]}}